{"id":18,"date":"2025-03-28T16:03:06","date_gmt":"2025-03-28T19:03:06","guid":{"rendered":"https:\/\/innovacon.simplificandotuweb.com\/?page_id=18"},"modified":"2025-11-10T14:17:21","modified_gmt":"2025-11-10T13:17:21","slug":"aviso-legal","status":"publish","type":"page","link":"https:\/\/selfcarehomedecor.com\/ca\/aviso-legal\/","title":{"rendered":"Av\u00eds Legal"},"content":{"rendered":"<div data-elementor-type=\"wp-page\" data-elementor-id=\"18\" class=\"elementor elementor-18\" data-elementor-post-type=\"page\">\n\t\t\t\t<div class=\"elementor-element elementor-element-e58eade e-flex e-con-boxed e-con e-parent\" data-id=\"e58eade\" data-element_type=\"container\" data-e-type=\"container\" data-settings=\"{&quot;background_background&quot;:&quot;classic&quot;}\">\n\t\t\t\t\t<div class=\"e-con-inner\">\n\t\t<div class=\"elementor-element elementor-element-4c02045 e-con-full e-flex e-con e-child\" data-id=\"4c02045\" data-element_type=\"container\" data-e-type=\"container\">\n\t\t\t\t<div class=\"elementor-element elementor-element-aefad00 elementor-invisible elementor-widget elementor-widget-heading\" data-id=\"aefad00\" data-element_type=\"widget\" data-e-type=\"widget\" data-settings=\"{&quot;_animation&quot;:&quot;fadeInLeft&quot;}\" data-widget_type=\"heading.default\">\n\t\t\t\t<div class=\"elementor-widget-container\">\n\t\t\t\t\t<h1 class=\"elementor-heading-title elementor-size-default\">Av\u00eds Legal<\/h1>\t\t\t\t<\/div>\n\t\t\t\t<\/div>\n\t\t\t\t<div class=\"elementor-element elementor-element-e9c7b2b elementor-invisible elementor-widget elementor-widget-woocommerce-breadcrumb\" data-id=\"e9c7b2b\" data-element_type=\"widget\" data-e-type=\"widget\" data-settings=\"{&quot;_animation&quot;:&quot;fadeInLeft&quot;,&quot;_animation_delay&quot;:100}\" data-widget_type=\"woocommerce-breadcrumb.default\">\n\t\t\t\t<div class=\"elementor-widget-container\">\n\t\t\t\t\t<nav class=\"woocommerce-breadcrumb\" aria-label=\"Breadcrumb\" data-no-translation=\"\" data-trp-gettext=\"\">Inici<\/nav>\t\t\t\t<\/div>\n\t\t\t\t<\/div>\n\t\t\t\t<\/div>\n\t\t\t\t\t<\/div>\n\t\t\t\t<\/div>\n\t\t<div class=\"elementor-element elementor-element-1cd87de e-flex e-con-boxed e-con e-parent\" data-id=\"1cd87de\" data-element_type=\"container\" data-e-type=\"container\">\n\t\t\t\t\t<div class=\"e-con-inner\">\n\t\t\t\t<div class=\"elementor-element elementor-element-6fce429d elementor-widget elementor-widget-text-editor\" data-id=\"6fce429d\" data-element_type=\"widget\" data-e-type=\"widget\" data-widget_type=\"text-editor.default\">\n\t\t\t\t<div class=\"elementor-widget-container\">\n\t\t\t\t\t\t\t\t\t\n<p><strong>Responsable del tractament de les dades<\/strong><\/p>\n\n<p>En compliment del deure informaci\u00f3 que estableix la Llei La 34\/2002, d&#039;11 de juliol, de Serveis de la Societat de la Informaci\u00f3 i del Comer\u00e7 Electr\u00f2nic, us comuniquem que aquesta web \u00e9s titularitat de:<\/p>\n\n<p><strong>Objecte<\/strong><\/p>\n\n<p>El Responsable posa a disposici\u00f3 dels usuaris aquest document amb el qual pret\u00e9n donar compliment del que disposa la normativa vigent en mat\u00e8ria de protecci\u00f3 de dades, i en el context del nou marc normatiu establert en virtut del que disposa el Reglament (UE ) 2016\/679 del Parlament Europeu i del Consell, de 27 d&#039;abril de 2016, quant a dades de la protecci\u00f3 de dades dades (d&#039;ara endavant, el \u201cRGPD\u201d), i la normativa nacional en mat\u00e8ria de protecci\u00f3 de dades de car\u00e0cter personal, aix\u00ed com informar tots els usuaris del lloc web respecte a quines en s\u00f3n les condicions d&#039;\u00fas. Tota persona que accedeixi a aquest lloc web assumeix el paper d&#039;usuari, comprometent-se a l&#039;observan\u00e7a i el compliment rigor\u00f3s de les disposicions aqu\u00ed disposades, aix\u00ed com a qualsevol altra disposici\u00f3 legal que sigui aplicable. El Responsable es reserva el dret a modificar qualsevol tipus d&#039;informaci\u00f3 que pogu\u00e9s apar\u00e8ixer al lloc web, sense que hi hagi obligaci\u00f3 de preavisar o posar en coneixement dels usuaris aquestes obligacions, entenent-se com a suficient amb la publicaci\u00f3 al lloc web del Responsable. .<\/p>\n\n<p><strong>Responsabilitat<\/strong><\/p>\n\n<p>El Responsable s&#039;eximeix de qualsevol tipus de responsabilitat derivada de la informaci\u00f3 publicada al vostre lloc web, sempre que aquesta informaci\u00f3 hagi estat manipulada o introdu\u00efda per un tercer ali\u00e8 al mateix.<\/p>\n\n<p><strong>Adreces ip<\/strong><\/p>\n\n<p>Els servidors del lloc web podran detectar autom\u00e0ticament ladre\u00e7a IP i el nom de domini utilitzats per lusuari. Una adre\u00e7a IP \u00e9s un n\u00famero assignat autom\u00e0ticament a un ordinador quan aquest es connecta a Internet. Tota aquesta informaci\u00f3 est\u00e0 registrada a un fitxer d&#039;activitat del servidor, degudament inscrit, que permet el processament posterior de les dades per obtenir mesures \u00fanicament estad\u00edstiques que permetin con\u00e8ixer el nombre d&#039;impressions de p\u00e0gines, el nombre de visites realitzades als servidors web, ordre de visites, punt d&#039;acc\u00e9s, etc.<\/p>\n\n<p><strong>Pol\u00edtica d&#039;enlla\u00e7os<\/strong><\/p>\n\n<p>Des del present lloc web \u00e9s possible que es redirigeixi a continguts de tercers llocs web. At\u00e8s que El Responsable no pot controlar sempre els continguts introdu\u00efts pels tercers als seus llocs web, aquest no assumeix cap mena de responsabilitat respecte a aquests continguts. En tot cas, El Responsable manifesta que procedir\u00e0 a la retirada immediata de qualsevol contingut que pogu\u00e9s contravenir la legislaci\u00f3 nacional o internacional, la moral o l&#039;ordre p\u00fablic, procedint a la retirada immediata de la redirecci\u00f3 a aquest lloc web, posant en coneixement de les autoritats competents el contingut en q\u00fcesti\u00f3. El Responsable no es fa responsable de la informaci\u00f3 i continguts emmagatzemats, a t\u00edtol enunciatiu per\u00f2 no limitatiu, en f\u00f2rums, xats, generadors de blocs, comentaris, xarxes socials o qualsevol altre mitj\u00e0 que permeti a tercers publicar continguts de forma independent a la p\u00e0gina web del Responsable. No obstant aix\u00f2 i en compliment del que disposa l&#039;art. 11 i 16 de la LSSICE, El Responsable es posa a disposici\u00f3 de tots els usuaris, autoritats i forces de seguretat, col\u00b7laborant de forma activa en la retirada o si \u00e9s el cas bloqueig de tots aquells continguts que poguessin afectar o contravenir la legislaci\u00f3 nacional, o internacional, drets de tercers o la moral i l&#039;ordre p\u00fablic. En cas que l&#039;usuari consideri que hi ha al lloc web algun contingut que pogu\u00e9s ser susceptible d&#039;aquesta classificaci\u00f3, es prega que ho notifiqui de manera immediata a l&#039;administrador del lloc web. Aquest lloc web ha estat revisat i provat perqu\u00e8 funcioni correctament. En principi, es pot garantir el funcionament correcte els 365 dies de l&#039;any, 24 hores al dia. Tot i aix\u00f2, El Responsable no descarta la possibilitat que hi hagi certs errors de programaci\u00f3, o que es converteixin en causes de for\u00e7a major, cat\u00e0strofes naturals, vagues, o circumst\u00e0ncies similars que facin impossible l&#039;acc\u00e9s a la p\u00e0gina web.<\/p>\n\n<p><strong>Protecci\u00f3 de dades<\/strong><\/p>\n\n<p>El Responsable es troba profundament comprom\u00e8s en el compliment del que disposa la normativa vigent en mat\u00e8ria de protecci\u00f3 de dades, i en el context del nou marc normatiu establert en virtut del que disposa el Reglament (UE) 2016\/679 del Parlament Europeu i del Consell , de 27 d&#039;abril de 2016, relatiu a la protecci\u00f3 de les persones f\u00edsiques pel que fa a la protecci\u00f3 de les persones f\u00edsiques RGPD), i la normativa nacional en mat\u00e8ria de protecci\u00f3 de dades de car\u00e0cter personal. Aix\u00ed mateix, El Responsable informa que d\u00f3na compliment a la Llei 34\/2002 d&#039;11 de juliol, de Serveis de la Societat de la Informaci\u00f3 i el Comer\u00e7 Electr\u00f2nic i us sol\u00b7licitar\u00e0 el consentiment al tractament de les vostres dades amb fins comercials en cada moment.<\/p>\n\n<p><strong>Propietat intel\u00b7lectual i industrial<\/strong><\/p>\n\n<p>El lloc web, incloent-hi a t\u00edtol enunciatiu per\u00f2 no limitatiu la seva programaci\u00f3, edici\u00f3, compilaci\u00f3 i altres elements necessaris per al seu funcionament, els dissenys, logotips, text i\/o gr\u00e0fics s\u00f3n propietat del Responsable o si escau disposa de llic\u00e8ncia o autoritzaci\u00f3 expressa per part dels autors. Tots els continguts del lloc web estan protegits degudament per la normativa de propietat intel\u00b7lectual i industrial. Independentment de la finalitat per a la qual fossin destinats, la reproducci\u00f3 total o parcial, \u00fas, explotaci\u00f3, distribuci\u00f3 i comercialitzaci\u00f3 requereix en tot cas lautoritzaci\u00f3 escrita pr\u00e8via per part del Responsable. Qualsevol \u00fas no autoritzat pr\u00e8viament pel responsable ser\u00e0 considerat un incompliment greu dels drets de propietat intel\u00b7lectual o industrial de lautor. Els dissenys, logotips, text i\/o gr\u00e0fics aliens al prestador i que poguessin apar\u00e8ixer al lloc web, pertanyen als seus respectius propietaris, sent ells mateixos responsables de qualsevol possible controv\u00e8rsia que pogu\u00e9s suscitar-se respecte a aquests. En tot cas, El Responsable compta amb lautoritzaci\u00f3 expressa i pr\u00e8via per part dels mateixos. El Responsable autoritza expressament que tercers puguin redirigir directament els continguts concrets del lloc web, i en tot cas ha de redirigir a la p\u00e0gina principal del lloc web del Responsable. El Responsable reconeix a favor dels seus titulars els corresponents drets de propietat intel\u00b7lectual i industrial, i no implica la seva sola menci\u00f3 o aparici\u00f3 al lloc web l&#039;exist\u00e8ncia de drets o responsabilitat del Responsable sobre aquests, com tampoc suport, patrocini o recomanaci\u00f3 pel seu part. Per a totes aquelles imatges en qu\u00e8 el programari de disseny ho permet, s&#039;hi han incl\u00f2s les refer\u00e8ncies corresponents a l&#039;autoria i la llic\u00e8ncia corresponent. Per realitzar qualsevol tipus d&#039;observaci\u00f3 respecte a possibles incompliments dels drets de propietat intel\u00b7lectual o industrial, aix\u00ed com sobre qualsevol dels continguts del lloc web, ho podeu fer a trav\u00e9s del correu electr\u00f2nic seg\u00fcent:\u00a0<strong>\u2013<\/strong><\/p>\n\n<p>\u00a0<\/p>\n\t\t\t\t\t\t\t\t<\/div>\n\t\t\t\t<\/div>\n\t\t\t\t\t<\/div>\n\t\t\t\t<\/div>\n\t\t\t\t<\/div>","protected":false},"excerpt":{"rendered":"<p>Responsable del tratamiento de los datos En cumplimiento del deber de informaci\u00f3n que establece la Ley La 34\/2002, de 11 de julio, de Servicios de la Sociedad de la Informaci\u00f3n y del Comercio Electr\u00f3nico, le comunicamos que esta web es titularidad de: Objeto El Responsable pone a disposici\u00f3n de los usuarios este documento con el [&hellip;]<\/p>\n","protected":false},"author":1,"featured_media":0,"parent":0,"menu_order":0,"comment_status":"closed","ping_status":"closed","template":"","meta":{"footnotes":""},"class_list":["post-18","page","type-page","status-publish","hentry"],"_links":{"self":[{"href":"https:\/\/selfcarehomedecor.com\/ca\/wp-json\/wp\/v2\/pages\/18","targetHints":{"allow":["GET"]}}],"collection":[{"href":"https:\/\/selfcarehomedecor.com\/ca\/wp-json\/wp\/v2\/pages"}],"about":[{"href":"https:\/\/selfcarehomedecor.com\/ca\/wp-json\/wp\/v2\/types\/page"}],"author":[{"embeddable":true,"href":"https:\/\/selfcarehomedecor.com\/ca\/wp-json\/wp\/v2\/users\/1"}],"replies":[{"embeddable":true,"href":"https:\/\/selfcarehomedecor.com\/ca\/wp-json\/wp\/v2\/comments?post=18"}],"version-history":[{"count":15,"href":"https:\/\/selfcarehomedecor.com\/ca\/wp-json\/wp\/v2\/pages\/18\/revisions"}],"predecessor-version":[{"id":2192,"href":"https:\/\/selfcarehomedecor.com\/ca\/wp-json\/wp\/v2\/pages\/18\/revisions\/2192"}],"wp:attachment":[{"href":"https:\/\/selfcarehomedecor.com\/ca\/wp-json\/wp\/v2\/media?parent=18"}],"curies":[{"name":"wp","href":"https:\/\/api.w.org\/{rel}","templated":true}]}}

Avís Legal

<div data-elementor-type="wp-page" data-elementor-id="18" class="elementor elementor-18" data-elementor-post-type="page">
				<div class="elementor-element elementor-element-e58eade e-flex e-con-boxed e-con e-parent" data-id="e58eade" data-element_type="container" data-e-type="container" data-settings="{&quot;background_background&quot;:&quot;classic&quot;}">
					<div class="e-con-inner">
		<div class="elementor-element elementor-element-4c02045 e-con-full e-flex e-con e-child" data-id="4c02045" data-element_type="container" data-e-type="container">
				<div class="elementor-element elementor-element-aefad00 elementor-invisible elementor-widget elementor-widget-heading" data-id="aefad00" data-element_type="widget" data-e-type="widget" data-settings="{&quot;_animation&quot;:&quot;fadeInLeft&quot;}" data-widget_type="heading.default">
				<div class="elementor-widget-container">
					<h1 class="elementor-heading-title elementor-size-default">Avís Legal</h1>				</div>
				</div>
				<div class="elementor-element elementor-element-e9c7b2b elementor-invisible elementor-widget elementor-widget-woocommerce-breadcrumb" data-id="e9c7b2b" data-element_type="widget" data-e-type="widget" data-settings="{&quot;_animation&quot;:&quot;fadeInLeft&quot;,&quot;_animation_delay&quot;:100}" data-widget_type="woocommerce-breadcrumb.default">
				<div class="elementor-widget-container">
					<nav class="woocommerce-breadcrumb" aria-label="Breadcrumb" data-no-translation="" data-trp-gettext="">Inici</nav>				</div>
				</div>
				</div>
					</div>
				</div>
		<div class="elementor-element elementor-element-1cd87de e-flex e-con-boxed e-con e-parent" data-id="1cd87de" data-element_type="container" data-e-type="container">
					<div class="e-con-inner">
				<div class="elementor-element elementor-element-6fce429d elementor-widget elementor-widget-text-editor" data-id="6fce429d" data-element_type="widget" data-e-type="widget" data-widget_type="text-editor.default">
				<div class="elementor-widget-container">
									
<p><strong>Responsable del tractament de les dades</strong></p>

<p>En compliment del deure informació que estableix la Llei La 34/2002, d&#039;11 de juliol, de Serveis de la Societat de la Informació i del Comerç Electrònic, us comuniquem que aquesta web és titularitat de:</p>

<p><strong>Objecte</strong></p>

<p>El Responsable posa a disposició dels usuaris aquest document amb el qual pretén donar compliment del que disposa la normativa vigent en matèria de protecció de dades, i en el context del nou marc normatiu establert en virtut del que disposa el Reglament (UE ) 2016/679 del Parlament Europeu i del Consell, de 27 d&#039;abril de 2016, quant a dades de la protecció de dades dades (d&#039;ara endavant, el “RGPD”), i la normativa nacional en matèria de protecció de dades de caràcter personal, així com informar tots els usuaris del lloc web respecte a quines en són les condicions d&#039;ús. Tota persona que accedeixi a aquest lloc web assumeix el paper d&#039;usuari, comprometent-se a l&#039;observança i el compliment rigorós de les disposicions aquí disposades, així com a qualsevol altra disposició legal que sigui aplicable. El Responsable es reserva el dret a modificar qualsevol tipus d&#039;informació que pogués aparèixer al lloc web, sense que hi hagi obligació de preavisar o posar en coneixement dels usuaris aquestes obligacions, entenent-se com a suficient amb la publicació al lloc web del Responsable. .</p>

<p><strong>Responsabilitat</strong></p>

<p>El Responsable s&#039;eximeix de qualsevol tipus de responsabilitat derivada de la informació publicada al vostre lloc web, sempre que aquesta informació hagi estat manipulada o introduïda per un tercer aliè al mateix.</p>

<p><strong>Adreces ip</strong></p>

<p>Els servidors del lloc web podran detectar automàticament ladreça IP i el nom de domini utilitzats per lusuari. Una adreça IP és un número assignat automàticament a un ordinador quan aquest es connecta a Internet. Tota aquesta informació està registrada a un fitxer d&#039;activitat del servidor, degudament inscrit, que permet el processament posterior de les dades per obtenir mesures únicament estadístiques que permetin conèixer el nombre d&#039;impressions de pàgines, el nombre de visites realitzades als servidors web, ordre de visites, punt d&#039;accés, etc.</p>

<p><strong>Política d&#039;enllaços</strong></p>

<p>Des del present lloc web és possible que es redirigeixi a continguts de tercers llocs web. Atès que El Responsable no pot controlar sempre els continguts introduïts pels tercers als seus llocs web, aquest no assumeix cap mena de responsabilitat respecte a aquests continguts. En tot cas, El Responsable manifesta que procedirà a la retirada immediata de qualsevol contingut que pogués contravenir la legislació nacional o internacional, la moral o l&#039;ordre públic, procedint a la retirada immediata de la redirecció a aquest lloc web, posant en coneixement de les autoritats competents el contingut en qüestió. El Responsable no es fa responsable de la informació i continguts emmagatzemats, a títol enunciatiu però no limitatiu, en fòrums, xats, generadors de blocs, comentaris, xarxes socials o qualsevol altre mitjà que permeti a tercers publicar continguts de forma independent a la pàgina web del Responsable. No obstant això i en compliment del que disposa l&#039;art. 11 i 16 de la LSSICE, El Responsable es posa a disposició de tots els usuaris, autoritats i forces de seguretat, col·laborant de forma activa en la retirada o si és el cas bloqueig de tots aquells continguts que poguessin afectar o contravenir la legislació nacional, o internacional, drets de tercers o la moral i l&#039;ordre públic. En cas que l&#039;usuari consideri que hi ha al lloc web algun contingut que pogués ser susceptible d&#039;aquesta classificació, es prega que ho notifiqui de manera immediata a l&#039;administrador del lloc web. Aquest lloc web ha estat revisat i provat perquè funcioni correctament. En principi, es pot garantir el funcionament correcte els 365 dies de l&#039;any, 24 hores al dia. Tot i això, El Responsable no descarta la possibilitat que hi hagi certs errors de programació, o que es converteixin en causes de força major, catàstrofes naturals, vagues, o circumstàncies similars que facin impossible l&#039;accés a la pàgina web.</p>

<p><strong>Protecció de dades</strong></p>

<p>El Responsable es troba profundament compromès en el compliment del que disposa la normativa vigent en matèria de protecció de dades, i en el context del nou marc normatiu establert en virtut del que disposa el Reglament (UE) 2016/679 del Parlament Europeu i del Consell , de 27 d&#039;abril de 2016, relatiu a la protecció de les persones físiques pel que fa a la protecció de les persones físiques RGPD), i la normativa nacional en matèria de protecció de dades de caràcter personal. Així mateix, El Responsable informa que dóna compliment a la Llei 34/2002 d&#039;11 de juliol, de Serveis de la Societat de la Informació i el Comerç Electrònic i us sol·licitarà el consentiment al tractament de les vostres dades amb fins comercials en cada moment.</p>

<p><strong>Propietat intel·lectual i industrial</strong></p>

<p>El lloc web, incloent-hi a títol enunciatiu però no limitatiu la seva programació, edició, compilació i altres elements necessaris per al seu funcionament, els dissenys, logotips, text i/o gràfics són propietat del Responsable o si escau disposa de llicència o autorització expressa per part dels autors. Tots els continguts del lloc web estan protegits degudament per la normativa de propietat intel·lectual i industrial. Independentment de la finalitat per a la qual fossin destinats, la reproducció total o parcial, ús, explotació, distribució i comercialització requereix en tot cas lautorització escrita prèvia per part del Responsable. Qualsevol ús no autoritzat prèviament pel responsable serà considerat un incompliment greu dels drets de propietat intel·lectual o industrial de lautor. Els dissenys, logotips, text i/o gràfics aliens al prestador i que poguessin aparèixer al lloc web, pertanyen als seus respectius propietaris, sent ells mateixos responsables de qualsevol possible controvèrsia que pogués suscitar-se respecte a aquests. En tot cas, El Responsable compta amb lautorització expressa i prèvia per part dels mateixos. El Responsable autoritza expressament que tercers puguin redirigir directament els continguts concrets del lloc web, i en tot cas ha de redirigir a la pàgina principal del lloc web del Responsable. El Responsable reconeix a favor dels seus titulars els corresponents drets de propietat intel·lectual i industrial, i no implica la seva sola menció o aparició al lloc web l&#039;existència de drets o responsabilitat del Responsable sobre aquests, com tampoc suport, patrocini o recomanació pel seu part. Per a totes aquelles imatges en què el programari de disseny ho permet, s&#039;hi han inclòs les referències corresponents a l&#039;autoria i la llicència corresponent. Per realitzar qualsevol tipus d&#039;observació respecte a possibles incompliments dels drets de propietat intel·lectual o industrial, així com sobre qualsevol dels continguts del lloc web, ho podeu fer a través del correu electrònic següent: <strong>–</strong></p>

<p> </p>
								</div>
				</div>
					</div>
				</div>
				</div>

<p>Responsable del tratamiento de los datos En cumplimiento del deber de información que establece la Ley La 34/2002, de 11 de julio, de Servicios de la Sociedad de la Información y del Comercio Electrónico, le comunicamos que esta web es titularidad de: Objeto El Responsable pone a disposición de los usuarios este documento con el [&hellip;]</p>
