{"id":1365,"date":"2025-08-25T19:38:48","date_gmt":"2025-08-25T17:38:48","guid":{"rendered":"https:\/\/selfcarehomedecor.com\/?post_type=product&#038;p=1365"},"modified":"2026-03-19T13:34:25","modified_gmt":"2026-03-19T12:34:25","slug":"coco","status":"publish","type":"product","link":"https:\/\/selfcarehomedecor.com\/ca\/producte\/coco\/","title":{"rendered":"\ud83e\udd65 Brisa de Coco"},"content":{"rendered":"<p class=\"ng-star-inserted\"><strong class=\"ng-star-inserted\"><span class=\"ng-star-inserted\">Detalls del Producte:<\/span><\/strong><\/p>\n<ul class=\"ng-star-inserted\">\n<li class=\"ng-star-inserted\">\n<p class=\"ng-star-inserted\"><strong class=\"ng-star-inserted\"><span class=\"ng-star-inserted\">Format:<\/span><\/strong><span class=\"ng-star-inserted\">\u00a0Espelma en got de resina ecol\u00f2gica artesanal.<\/span><\/p>\n<\/li>\n<li class=\"ng-star-inserted\">\n<p class=\"ng-star-inserted\"><strong class=\"ng-star-inserted\"><span class=\"ng-star-inserted\">Mesures:<\/span><\/strong><span class=\"ng-star-inserted\">\u00a08 cm x 8 cm | Al\u00e7ada: 7,5 cm.<\/span><\/p>\n<\/li>\n<li class=\"ng-star-inserted\">\n<p class=\"ng-star-inserted\"><strong class=\"ng-star-inserted\"><span class=\"ng-star-inserted\">Pes Total:<\/span><\/strong><span class=\"ng-star-inserted\">\u00a0383 gr.<\/span><\/p>\n<\/li>\n<li class=\"ng-star-inserted\">\n<p class=\"ng-star-inserted\"><strong class=\"ng-star-inserted\"><span class=\"ng-star-inserted\">Durada:<\/span><\/strong><span class=\"ng-star-inserted\">\u00a0Entre 19 i 22 hores aprox.<\/span><\/p>\n<\/li>\n<li class=\"ng-star-inserted\">\n<p class=\"ng-star-inserted\"><strong class=\"ng-star-inserted\"><span class=\"ng-star-inserted\">Material:<\/span><\/strong><span class=\"ng-star-inserted\">\u00a0Cera de soja 100% natural i metxa de cot\u00f3.<\/span><\/p>\n<\/li>\n<li class=\"ng-star-inserted\">\n<p class=\"ng-star-inserted\"><strong class=\"ng-star-inserted\"><span class=\"ng-star-inserted\">Env\u00e0s:<\/span><\/strong><span class=\"ng-star-inserted\">\u00a0Reutilitzable (una vegada consumida, fes-lo servir com a testos o llapis).<\/span><\/p>\n<\/li>\n<\/ul>\n<p>&nbsp;<\/p>\n<p>&nbsp;<\/p>","protected":false},"excerpt":{"rendered":"<p class=\"ng-star-inserted\"><em><strong class=\"ng-star-inserted\"><span class=\"ng-star-inserted\">\u00a0Una Escapada Tropical y Cremosa<\/span><\/strong><\/em><\/p>\n<p class=\"ng-star-inserted\"><span class=\"ng-star-inserted\">Porta la brisa de l&#039;estiu etern a casa teva. Aquesta espelma captura l&#039;ess\u00e8ncia m\u00e9s\u00a0<\/span><strong class=\"ng-star-inserted\"><span class=\"ng-star-inserted\">cremosa i dol\u00e7a del coco<\/span><\/strong><span class=\"ng-star-inserted\">, evocant platges paradis\u00edaques i capvespres daurats. La seva aroma ex\u00f2tica i envoltant, amb notes lletoses i suaus, transforma qualsevol habitaci\u00f3 en un oasi de relaxaci\u00f3 instant\u00e0nia.<\/span><\/p>\n<p class=\"ng-star-inserted\"><span class=\"ng-star-inserted\">L&#039;experi\u00e8ncia es completa amb una\u00a0<\/span><strong class=\"ng-star-inserted\"><span class=\"ng-star-inserted\">metxa de cot\u00f3 100% natural<\/span><\/strong><span class=\"ng-star-inserted\">. Dissenyada per oferir una combusti\u00f3 impecable, la flama constant i silenciosa permet que la frag\u00e0ncia sigui l&#039;\u00fanica protagonista. Enc\u00e9n la llum, respira la calidesa del tr\u00f2pic i gaudeix d&#039;una atmosfera de pau absoluta.<\/span><\/p>","protected":false},"featured_media":2360,"comment_status":"open","ping_status":"closed","template":"","meta":[],"product_brand":[],"product_cat":[43,32],"product_tag":[46,47],"class_list":{"0":"post-1365","1":"product","2":"type-product","3":"status-publish","4":"has-post-thumbnail","6":"product_cat-vela-aromatica","7":"product_cat-velas","8":"product_tag-velas","9":"product_tag-velas-aromaticas","11":"first","12":"instock","13":"shipping-taxable","14":"purchasable","15":"product-type-simple"},"_links":{"self":[{"href":"https:\/\/selfcarehomedecor.com\/ca\/wp-json\/wp\/v2\/product\/1365","targetHints":{"allow":["GET"]}}],"collection":[{"href":"https:\/\/selfcarehomedecor.com\/ca\/wp-json\/wp\/v2\/product"}],"about":[{"href":"https:\/\/selfcarehomedecor.com\/ca\/wp-json\/wp\/v2\/types\/product"}],"replies":[{"embeddable":true,"href":"https:\/\/selfcarehomedecor.com\/ca\/wp-json\/wp\/v2\/comments?post=1365"}],"wp:featuredmedia":[{"embeddable":true,"href":"https:\/\/selfcarehomedecor.com\/ca\/wp-json\/wp\/v2\/media\/2360"}],"wp:attachment":[{"href":"https:\/\/selfcarehomedecor.com\/ca\/wp-json\/wp\/v2\/media?parent=1365"}],"wp:term":[{"taxonomy":"product_brand","embeddable":true,"href":"https:\/\/selfcarehomedecor.com\/ca\/wp-json\/wp\/v2\/product_brand?post=1365"},{"taxonomy":"product_cat","embeddable":true,"href":"https:\/\/selfcarehomedecor.com\/ca\/wp-json\/wp\/v2\/product_cat?post=1365"},{"taxonomy":"product_tag","embeddable":true,"href":"https:\/\/selfcarehomedecor.com\/ca\/wp-json\/wp\/v2\/product_tag?post=1365"}],"curies":[{"name":"wp","href":"https:\/\/api.w.org\/{rel}","templated":true}]}}

<p class="ng-star-inserted"><strong class="ng-star-inserted"><span class="ng-star-inserted">Detalls del Producte:</span></strong></p>
<ul class="ng-star-inserted">
<li class="ng-star-inserted">
<p class="ng-star-inserted"><strong class="ng-star-inserted"><span class="ng-star-inserted">Format:</span></strong><span class="ng-star-inserted"> Espelma en got de resina ecològica artesanal.</span></p>
</li>
<li class="ng-star-inserted">
<p class="ng-star-inserted"><strong class="ng-star-inserted"><span class="ng-star-inserted">Mesures:</span></strong><span class="ng-star-inserted"> 8 cm x 8 cm | Alçada: 7,5 cm.</span></p>
</li>
<li class="ng-star-inserted">
<p class="ng-star-inserted"><strong class="ng-star-inserted"><span class="ng-star-inserted">Pes Total:</span></strong><span class="ng-star-inserted"> 383 gr.</span></p>
</li>
<li class="ng-star-inserted">
<p class="ng-star-inserted"><strong class="ng-star-inserted"><span class="ng-star-inserted">Durada:</span></strong><span class="ng-star-inserted"> Entre 19 i 22 hores aprox.</span></p>
</li>
<li class="ng-star-inserted">
<p class="ng-star-inserted"><strong class="ng-star-inserted"><span class="ng-star-inserted">Material:</span></strong><span class="ng-star-inserted"> Cera de soja 100% natural i metxa de cotó.</span></p>
</li>
<li class="ng-star-inserted">
<p class="ng-star-inserted"><strong class="ng-star-inserted"><span class="ng-star-inserted">Envàs:</span></strong><span class="ng-star-inserted"> Reutilitzable (una vegada consumida, fes-lo servir com a testos o llapis).</span></p>
</li>
</ul>
<p>&nbsp;</p>
<p>&nbsp;</p>

<p class="ng-star-inserted"><em><strong class="ng-star-inserted"><span class="ng-star-inserted"> Una Escapada Tropical y Cremosa</span></strong></em></p>
<p class="ng-star-inserted"><span class="ng-star-inserted">Porta la brisa de l&#039;estiu etern a casa teva. Aquesta espelma captura l&#039;essència més </span><strong class="ng-star-inserted"><span class="ng-star-inserted">cremosa i dolça del coco</span></strong><span class="ng-star-inserted">, evocant platges paradisíaques i capvespres daurats. La seva aroma exòtica i envoltant, amb notes lletoses i suaus, transforma qualsevol habitació en un oasi de relaxació instantània.</span></p>
<p class="ng-star-inserted"><span class="ng-star-inserted">L&#039;experiència es completa amb una </span><strong class="ng-star-inserted"><span class="ng-star-inserted">metxa de cotó 100% natural</span></strong><span class="ng-star-inserted">. Dissenyada per oferir una combustió impecable, la flama constant i silenciosa permet que la fragància sigui l&#039;única protagonista. Encén la llum, respira la calidesa del tròpic i gaudeix d&#039;una atmosfera de pau absoluta.</span></p>
