{"id":248,"date":"2025-07-01T02:57:40","date_gmt":"2025-07-01T00:57:40","guid":{"rendered":"https:\/\/selfcarehomedecor.com\/?post_type=product&#038;p=248"},"modified":"2026-03-19T13:35:12","modified_gmt":"2026-03-19T12:35:12","slug":"pureza","status":"publish","type":"product","link":"https:\/\/selfcarehomedecor.com\/ca\/producte\/pureza\/","title":{"rendered":"\ud83e\udd0d Pureza"},"content":{"rendered":"<p class=\"ng-star-inserted\"><strong class=\"ng-star-inserted\"><span class=\"ng-star-inserted\">Detalls del Producte:<\/span><\/strong><\/p>\n<ul class=\"ng-star-inserted\">\n<li class=\"ng-star-inserted\">\n<p class=\"ng-star-inserted\"><strong class=\"ng-star-inserted\"><span class=\"ng-star-inserted\">Format:<\/span><\/strong><span class=\"ng-star-inserted\">\u00a0Espelma en bol de resina ecol\u00f2gica artesanal.<\/span><\/p>\n<\/li>\n<li class=\"ng-star-inserted\">\n<p class=\"ng-star-inserted\"><strong class=\"ng-star-inserted\"><span class=\"ng-star-inserted\">Mesures:<\/span><\/strong><span class=\"ng-star-inserted\">\u00a0\u00d8 7,2 cm | Al\u00e7ada: 7,8 cm.<\/span><\/p>\n<\/li>\n<li class=\"ng-star-inserted\">\n<p class=\"ng-star-inserted\"><strong class=\"ng-star-inserted\"><span class=\"ng-star-inserted\">Pes Total:<\/span><\/strong><span class=\"ng-star-inserted\">\u00a0350 gr.<\/span><\/p>\n<\/li>\n<li class=\"ng-star-inserted\">\n<p class=\"ng-star-inserted\"><strong class=\"ng-star-inserted\"><span class=\"ng-star-inserted\">Durada:<\/span><\/strong><span class=\"ng-star-inserted\">\u00a0Entre 19 i 22 hores aprox.<\/span><\/p>\n<\/li>\n<li class=\"ng-star-inserted\">\n<p class=\"ng-star-inserted\"><strong class=\"ng-star-inserted\"><span class=\"ng-star-inserted\">Material:<\/span><\/strong><span class=\"ng-star-inserted\">\u00a0Cera 100% soja.<\/span><\/p>\n<\/li>\n<li class=\"ng-star-inserted\">\n<p class=\"ng-star-inserted\"><strong class=\"ng-star-inserted\"><span class=\"ng-star-inserted\">Env\u00e0s:<\/span><\/strong><span class=\"ng-star-inserted\">\u00a0Reutilitzable (un cop consumida la vela, pots netejar el bol i donar-li una segona vida).<\/span><\/p>\n<\/li>\n<\/ul>","protected":false},"excerpt":{"rendered":"<p class=\"ng-star-inserted\"><em><strong>Una fragancia limpia y fresca que recuerda al aroma del jab\u00f3n y a la sensaci\u00f3n de un hogar reci\u00e9n cuidado.<\/strong><\/em><\/p>\n<p class=\"ng-star-inserted\"><span class=\"ng-star-inserted\">Respira l&#039;ess\u00e8ncia de la claredat absoluta. Aquesta espelma captura aquesta sensaci\u00f3 inigualable de llen\u00e7ols blancs assecats al sol i el toc nost\u00e0lgic del\u00a0<\/span><strong class=\"ng-star-inserted\"><span class=\"ng-star-inserted\">sab\u00f3 artesanal<\/span><\/strong><span class=\"ng-star-inserted\">. \u00c9s una aroma fresca, cristal\u00b7lina i eteri que renova l&#039;aire, aportant una sensaci\u00f3 immediata d&#039;ordre i pulcritud a qualsevol estan\u00e7a.<\/span><\/p>\n<p class=\"ng-star-inserted\"><span class=\"ng-star-inserted\">El seu car\u00e0cter immaculat es potencia amb una\u00a0<\/span><strong class=\"ng-star-inserted\"><span class=\"ng-star-inserted\">metxa de cot\u00f3 100% natural<\/span><\/strong><span class=\"ng-star-inserted\">. En encendre-la, ofereix una flama serena, constant i silenciosa, garantint una combusti\u00f3 neta que respecta la delicadesa de la frag\u00e0ncia. \u00c9s el complement perfecte per als teus rituals de neteja o per a aquell moment de desconnexi\u00f3 despr\u00e9s d&#039;un llarg dia.<\/span><\/p>","protected":false},"featured_media":2363,"comment_status":"open","ping_status":"closed","template":"","meta":[],"product_brand":[],"product_cat":[43,32],"product_tag":[46,47],"class_list":{"0":"post-248","1":"product","2":"type-product","3":"status-publish","4":"has-post-thumbnail","6":"product_cat-vela-aromatica","7":"product_cat-velas","8":"product_tag-velas","9":"product_tag-velas-aromaticas","11":"first","12":"instock","13":"shipping-taxable","14":"purchasable","15":"product-type-simple"},"_links":{"self":[{"href":"https:\/\/selfcarehomedecor.com\/ca\/wp-json\/wp\/v2\/product\/248","targetHints":{"allow":["GET"]}}],"collection":[{"href":"https:\/\/selfcarehomedecor.com\/ca\/wp-json\/wp\/v2\/product"}],"about":[{"href":"https:\/\/selfcarehomedecor.com\/ca\/wp-json\/wp\/v2\/types\/product"}],"replies":[{"embeddable":true,"href":"https:\/\/selfcarehomedecor.com\/ca\/wp-json\/wp\/v2\/comments?post=248"}],"wp:featuredmedia":[{"embeddable":true,"href":"https:\/\/selfcarehomedecor.com\/ca\/wp-json\/wp\/v2\/media\/2363"}],"wp:attachment":[{"href":"https:\/\/selfcarehomedecor.com\/ca\/wp-json\/wp\/v2\/media?parent=248"}],"wp:term":[{"taxonomy":"product_brand","embeddable":true,"href":"https:\/\/selfcarehomedecor.com\/ca\/wp-json\/wp\/v2\/product_brand?post=248"},{"taxonomy":"product_cat","embeddable":true,"href":"https:\/\/selfcarehomedecor.com\/ca\/wp-json\/wp\/v2\/product_cat?post=248"},{"taxonomy":"product_tag","embeddable":true,"href":"https:\/\/selfcarehomedecor.com\/ca\/wp-json\/wp\/v2\/product_tag?post=248"}],"curies":[{"name":"wp","href":"https:\/\/api.w.org\/{rel}","templated":true}]}}

<p class="ng-star-inserted"><strong class="ng-star-inserted"><span class="ng-star-inserted">Detalls del Producte:</span></strong></p>
<ul class="ng-star-inserted">
<li class="ng-star-inserted">
<p class="ng-star-inserted"><strong class="ng-star-inserted"><span class="ng-star-inserted">Format:</span></strong><span class="ng-star-inserted"> Espelma en bol de resina ecològica artesanal.</span></p>
</li>
<li class="ng-star-inserted">
<p class="ng-star-inserted"><strong class="ng-star-inserted"><span class="ng-star-inserted">Mesures:</span></strong><span class="ng-star-inserted"> Ø 7,2 cm | Alçada: 7,8 cm.</span></p>
</li>
<li class="ng-star-inserted">
<p class="ng-star-inserted"><strong class="ng-star-inserted"><span class="ng-star-inserted">Pes Total:</span></strong><span class="ng-star-inserted"> 350 gr.</span></p>
</li>
<li class="ng-star-inserted">
<p class="ng-star-inserted"><strong class="ng-star-inserted"><span class="ng-star-inserted">Durada:</span></strong><span class="ng-star-inserted"> Entre 19 i 22 hores aprox.</span></p>
</li>
<li class="ng-star-inserted">
<p class="ng-star-inserted"><strong class="ng-star-inserted"><span class="ng-star-inserted">Material:</span></strong><span class="ng-star-inserted"> Cera 100% soja.</span></p>
</li>
<li class="ng-star-inserted">
<p class="ng-star-inserted"><strong class="ng-star-inserted"><span class="ng-star-inserted">Envàs:</span></strong><span class="ng-star-inserted"> Reutilitzable (un cop consumida la vela, pots netejar el bol i donar-li una segona vida).</span></p>
</li>
</ul>

<p class="ng-star-inserted"><em><strong>Una fragancia limpia y fresca que recuerda al aroma del jabón y a la sensación de un hogar recién cuidado.</strong></em></p>
<p class="ng-star-inserted"><span class="ng-star-inserted">Respira l&#039;essència de la claredat absoluta. Aquesta espelma captura aquesta sensació inigualable de llençols blancs assecats al sol i el toc nostàlgic del </span><strong class="ng-star-inserted"><span class="ng-star-inserted">sabó artesanal</span></strong><span class="ng-star-inserted">. És una aroma fresca, cristal·lina i eteri que renova l&#039;aire, aportant una sensació immediata d&#039;ordre i pulcritud a qualsevol estança.</span></p>
<p class="ng-star-inserted"><span class="ng-star-inserted">El seu caràcter immaculat es potencia amb una </span><strong class="ng-star-inserted"><span class="ng-star-inserted">metxa de cotó 100% natural</span></strong><span class="ng-star-inserted">. En encendre-la, ofereix una flama serena, constant i silenciosa, garantint una combustió neta que respecta la delicadesa de la fragància. És el complement perfecte per als teus rituals de neteja o per a aquell moment de desconnexió després d&#039;un llarg dia.</span></p>
