{"id":257,"date":"2025-07-01T03:13:27","date_gmt":"2025-07-01T01:13:27","guid":{"rendered":"https:\/\/selfcarehomedecor.com\/?post_type=product&#038;p=257"},"modified":"2026-04-25T20:52:06","modified_gmt":"2026-04-25T18:52:06","slug":"vela-de-te","status":"publish","type":"product","link":"https:\/\/selfcarehomedecor.com\/ca\/producte\/vela-de-te\/","title":{"rendered":"Espelma de te"},"content":{"rendered":"<blockquote class=\"ng-star-inserted\">\n<p class=\"ng-star-inserted\"><strong class=\"ng-star-inserted\"><span class=\"ng-star-inserted\">Detalls del Producte:<\/span><\/strong><\/p>\n<ul class=\"ng-star-inserted\">\n<li class=\"ng-star-inserted\">\n<p class=\"ng-star-inserted\"><strong class=\"ng-star-inserted\"><span class=\"ng-star-inserted\">Format:<\/span><\/strong><span class=\"ng-star-inserted\">\u00a0Espelma de te (Tealight)\u00a0<\/span><strong class=\"ng-star-inserted\"><span class=\"ng-star-inserted\">Extra Alta<\/span><\/strong><span class=\"ng-star-inserted\">.<\/span><\/p>\n<\/li>\n<li class=\"ng-star-inserted\">\n<p class=\"ng-star-inserted\"><strong class=\"ng-star-inserted\"><span class=\"ng-star-inserted\">Mesures:<\/span><\/strong><span class=\"ng-star-inserted\">\u00a0\u00d8 3,8 cm |\u00a0<\/span><strong class=\"ng-star-inserted\"><span class=\"ng-star-inserted\">Al\u00e7ada: 2 cm<\/span><\/strong><span class=\"ng-star-inserted\">\u00a0(Superior a la mida est\u00e0ndard).<\/span><\/p>\n<\/li>\n<li class=\"ng-star-inserted\">\n<p class=\"ng-star-inserted\"><strong class=\"ng-star-inserted\"><span class=\"ng-star-inserted\">Avantatge:<\/span><\/strong><span class=\"ng-star-inserted\">\u00a0Com que s\u00f3n m\u00e9s altes, contenen\u00a0<\/span><strong class=\"ng-star-inserted\"><span class=\"ng-star-inserted\">m\u00e9s cera<\/span><\/strong><span class=\"ng-star-inserted\">\u00a0i ofereixen una combusti\u00f3 perllongada.<\/span><\/p>\n<\/li>\n<li class=\"ng-star-inserted\">\n<p class=\"ng-star-inserted\"><strong class=\"ng-star-inserted\"><span class=\"ng-star-inserted\">Pes:<\/span><\/strong><span class=\"ng-star-inserted\">\u00a020 gr.<\/span><\/p>\n<\/li>\n<li class=\"ng-star-inserted\">\n<p class=\"ng-star-inserted\"><strong class=\"ng-star-inserted\"><span class=\"ng-star-inserted\">Durada:<\/span><\/strong><span class=\"ng-star-inserted\">\u00a0<\/span><strong class=\"ng-star-inserted\"><span class=\"ng-star-inserted\">6 a 9 hores<\/span><\/strong><span class=\"ng-star-inserted\">\u00a0(M\u00e9s del doble que una espelma de te convencional).<\/span><\/p>\n<\/li>\n<li class=\"ng-star-inserted\">\n<p class=\"ng-star-inserted\"><strong class=\"ng-star-inserted\"><span class=\"ng-star-inserted\">Material:<\/span><\/strong><span class=\"ng-star-inserted\">\u00a0Cera de soja 100% natural.<\/span><\/p>\n<\/li>\n<\/ul>\n<\/blockquote>\n<hr class=\"ng-star-inserted\" \/>","protected":false},"excerpt":{"rendered":"<p class=\"ng-star-inserted\"><strong class=\"ng-star-inserted\"><span class=\"ng-star-inserted\">Espelmes de te: Petits centelleigs d&#039;ambient<\/span><\/strong><\/p>\n<p class=\"ng-star-inserted\"><span class=\"ng-star-inserted\">No subestimis el poder dels detalls. Les nostres espelmes de te s\u00f3n el b\u00e0sic imprescindible per a qualsevol llar: petites, vers\u00e0tils i amb una combusti\u00f3 neta i constant. S\u00f3n la manera m\u00e9s senzilla d&#039;afegir punts de llum m\u00e0gics o perfumar espais redu\u00efts.<\/span><\/p>\n<p class=\"ng-star-inserted\"><strong class=\"ng-star-inserted\"><span class=\"ng-star-inserted\">Personalitza la teva experi\u00e8ncia:<\/span><\/strong><br class=\"ng-star-inserted\" \/><span class=\"ng-star-inserted\">Adapta l&#039;ambient a la teva necessitat escollint entre les dues versions:<\/span><\/p>\n<ul class=\"ng-star-inserted\">\n<li class=\"ng-star-inserted\">\n<p class=\"ng-star-inserted\"><strong class=\"ng-star-inserted\"><span class=\"ng-star-inserted\">Sense Aroma (Neutres):<\/span><\/strong><span class=\"ng-star-inserted\">\u00a0L&#039;opci\u00f3 \u00e9s purament funcional i decorativa. S\u00f3n\u00a0<\/span><strong class=\"ng-star-inserted\"><span class=\"ng-star-inserted\">essencials per utilitzar amb el teu cremador d&#039;ess\u00e8ncies<\/span><\/strong><span class=\"ng-star-inserted\">\u00a0(ja que no alteren la frag\u00e0ncia dels teus Bombons Arom\u00e0tics) o per il\u00b7luminar sopars especials sense interferir amb l&#039;aroma del menjar. Nom\u00e9s llum c\u00e0lida i pura.<\/span><\/p>\n<\/li>\n<li class=\"ng-star-inserted\">\n<p class=\"ng-star-inserted\"><strong class=\"ng-star-inserted\"><span class=\"ng-star-inserted\">Amb Aroma:<\/span><\/strong><span class=\"ng-star-inserted\">\u00a0Petites dosis de plaer olfactiu. Ideals per tastar les nostres frag\u00e0ncies, perfumar estades petites (com el bany o el rebedor) o crear una atmosfera subtil i delicada a diversos punts de l&#039;habitaci\u00f3.<\/span><\/p>\n<\/li>\n<\/ul>\n<p>Gaudeix de m\u00e9s temps de relax sense interrupcions. Gr\u00e0cies a la seva al\u00e7ada extra de 2 cm, les nostres espelmes de te contenen m\u00e9s cera, oferint fins a 9 hores de llum cont\u00ednua, molt per sobre de les espelmes est\u00e0ndard del mercat.\u00bb<\/p>\n<p class=\"ng-star-inserted\"><span class=\"ng-star-inserted\">Tria el teu pack i omple la teva llar de petits moments de llum.<\/span><\/p>","protected":false},"featured_media":429,"comment_status":"open","ping_status":"closed","template":"","meta":[],"product_brand":[],"product_cat":[32,45],"product_tag":[46],"class_list":{"0":"post-257","1":"product","2":"type-product","3":"status-publish","4":"has-post-thumbnail","6":"product_cat-velas","7":"product_cat-velas-de-te","8":"product_tag-velas","10":"first","11":"instock","12":"shipping-taxable","13":"purchasable","14":"product-type-variable"},"_links":{"self":[{"href":"https:\/\/selfcarehomedecor.com\/ca\/wp-json\/wp\/v2\/product\/257","targetHints":{"allow":["GET"]}}],"collection":[{"href":"https:\/\/selfcarehomedecor.com\/ca\/wp-json\/wp\/v2\/product"}],"about":[{"href":"https:\/\/selfcarehomedecor.com\/ca\/wp-json\/wp\/v2\/types\/product"}],"replies":[{"embeddable":true,"href":"https:\/\/selfcarehomedecor.com\/ca\/wp-json\/wp\/v2\/comments?post=257"}],"wp:featuredmedia":[{"embeddable":true,"href":"https:\/\/selfcarehomedecor.com\/ca\/wp-json\/wp\/v2\/media\/429"}],"wp:attachment":[{"href":"https:\/\/selfcarehomedecor.com\/ca\/wp-json\/wp\/v2\/media?parent=257"}],"wp:term":[{"taxonomy":"product_brand","embeddable":true,"href":"https:\/\/selfcarehomedecor.com\/ca\/wp-json\/wp\/v2\/product_brand?post=257"},{"taxonomy":"product_cat","embeddable":true,"href":"https:\/\/selfcarehomedecor.com\/ca\/wp-json\/wp\/v2\/product_cat?post=257"},{"taxonomy":"product_tag","embeddable":true,"href":"https:\/\/selfcarehomedecor.com\/ca\/wp-json\/wp\/v2\/product_tag?post=257"}],"curies":[{"name":"wp","href":"https:\/\/api.w.org\/{rel}","templated":true}]}}

<blockquote class="ng-star-inserted">
<p class="ng-star-inserted"><strong class="ng-star-inserted"><span class="ng-star-inserted">Detalls del Producte:</span></strong></p>
<ul class="ng-star-inserted">
<li class="ng-star-inserted">
<p class="ng-star-inserted"><strong class="ng-star-inserted"><span class="ng-star-inserted">Format:</span></strong><span class="ng-star-inserted"> Espelma de te (Tealight) </span><strong class="ng-star-inserted"><span class="ng-star-inserted">Extra Alta</span></strong><span class="ng-star-inserted">.</span></p>
</li>
<li class="ng-star-inserted">
<p class="ng-star-inserted"><strong class="ng-star-inserted"><span class="ng-star-inserted">Mesures:</span></strong><span class="ng-star-inserted"> Ø 3,8 cm | </span><strong class="ng-star-inserted"><span class="ng-star-inserted">Alçada: 2 cm</span></strong><span class="ng-star-inserted"> (Superior a la mida estàndard).</span></p>
</li>
<li class="ng-star-inserted">
<p class="ng-star-inserted"><strong class="ng-star-inserted"><span class="ng-star-inserted">Avantatge:</span></strong><span class="ng-star-inserted"> Com que són més altes, contenen </span><strong class="ng-star-inserted"><span class="ng-star-inserted">més cera</span></strong><span class="ng-star-inserted"> i ofereixen una combustió perllongada.</span></p>
</li>
<li class="ng-star-inserted">
<p class="ng-star-inserted"><strong class="ng-star-inserted"><span class="ng-star-inserted">Pes:</span></strong><span class="ng-star-inserted"> 20 gr.</span></p>
</li>
<li class="ng-star-inserted">
<p class="ng-star-inserted"><strong class="ng-star-inserted"><span class="ng-star-inserted">Durada:</span></strong><span class="ng-star-inserted"> </span><strong class="ng-star-inserted"><span class="ng-star-inserted">6 a 9 hores</span></strong><span class="ng-star-inserted"> (Més del doble que una espelma de te convencional).</span></p>
</li>
<li class="ng-star-inserted">
<p class="ng-star-inserted"><strong class="ng-star-inserted"><span class="ng-star-inserted">Material:</span></strong><span class="ng-star-inserted"> Cera de soja 100% natural.</span></p>
</li>
</ul>
</blockquote>
<hr class="ng-star-inserted" />

<p class="ng-star-inserted"><strong class="ng-star-inserted"><span class="ng-star-inserted">Espelmes de te: Petits centelleigs d&#039;ambient</span></strong></p>
<p class="ng-star-inserted"><span class="ng-star-inserted">No subestimis el poder dels detalls. Les nostres espelmes de te són el bàsic imprescindible per a qualsevol llar: petites, versàtils i amb una combustió neta i constant. Són la manera més senzilla d&#039;afegir punts de llum màgics o perfumar espais reduïts.</span></p>
<p class="ng-star-inserted"><strong class="ng-star-inserted"><span class="ng-star-inserted">Personalitza la teva experiència:</span></strong><br class="ng-star-inserted" /><span class="ng-star-inserted">Adapta l&#039;ambient a la teva necessitat escollint entre les dues versions:</span></p>
<ul class="ng-star-inserted">
<li class="ng-star-inserted">
<p class="ng-star-inserted"><strong class="ng-star-inserted"><span class="ng-star-inserted">Sense Aroma (Neutres):</span></strong><span class="ng-star-inserted"> L&#039;opció és purament funcional i decorativa. Són </span><strong class="ng-star-inserted"><span class="ng-star-inserted">essencials per utilitzar amb el teu cremador d&#039;essències</span></strong><span class="ng-star-inserted"> (ja que no alteren la fragància dels teus Bombons Aromàtics) o per il·luminar sopars especials sense interferir amb l&#039;aroma del menjar. Només llum càlida i pura.</span></p>
</li>
<li class="ng-star-inserted">
<p class="ng-star-inserted"><strong class="ng-star-inserted"><span class="ng-star-inserted">Amb Aroma:</span></strong><span class="ng-star-inserted"> Petites dosis de plaer olfactiu. Ideals per tastar les nostres fragàncies, perfumar estades petites (com el bany o el rebedor) o crear una atmosfera subtil i delicada a diversos punts de l&#039;habitació.</span></p>
</li>
</ul>
<p>Gaudeix de més temps de relax sense interrupcions. Gràcies a la seva alçada extra de 2 cm, les nostres espelmes de te contenen més cera, oferint fins a 9 hores de llum contínua, molt per sobre de les espelmes estàndard del mercat.»</p>
<p class="ng-star-inserted"><span class="ng-star-inserted">Tria el teu pack i omple la teva llar de petits moments de llum.</span></p>
