{"id":296,"date":"2025-07-01T03:28:41","date_gmt":"2025-07-01T01:28:41","guid":{"rendered":"https:\/\/selfcarehomedecor.com\/?post_type=product&#038;p=296"},"modified":"2026-01-05T18:56:30","modified_gmt":"2026-01-05T17:56:30","slug":"bandeja-ovalada","status":"publish","type":"product","link":"https:\/\/selfcarehomedecor.com\/ca\/producte\/bandeja-ovalada\/","title":{"rendered":"Safata Ess\u00e8ncia"},"content":{"rendered":"<p><span data-sheets-root=\"1\">Pes total: 260 gr. Llarg: 18 cm. Ample: 10 cm. Alt: 1,5cm.<\/span><\/p>\n<p><span data-sheets-root=\"1\"> Material: resina ecol\u00f2gica. <\/span><\/p>\n<p><span data-sheets-root=\"1\"><strong>(Decoraci\u00f3 no inclosa).<\/strong><\/span><\/p>\n<blockquote class=\"ng-star-inserted\">\n<p class=\"ng-star-inserted\"><strong class=\"ng-star-inserted\"><span class=\"ng-star-inserted\">\u00das i Cures:<\/span><\/strong><\/p>\n<ul class=\"ng-star-inserted\">\n<li class=\"ng-star-inserted\">\n<p class=\"ng-star-inserted\"><strong class=\"ng-star-inserted\"><span class=\"ng-star-inserted\">Neteja:<\/span><\/strong><span class=\"ng-star-inserted\">\u00a0Per mantenir el seu acabat mat impecable, neteja-la amb un\u00a0<\/span><strong class=\"ng-star-inserted\"><span class=\"ng-star-inserted\">drap suau o de microfibra<\/span><\/strong><span class=\"ng-star-inserted\">\u00a0lleugerament humit.<\/span><\/p>\n<\/li>\n<li class=\"ng-star-inserted\">\n<p class=\"ng-star-inserted\"><strong class=\"ng-star-inserted\"><span class=\"ng-star-inserted\">Precauci\u00f3:<\/span><\/strong><span class=\"ng-star-inserted\">\u00a0La resina ecol\u00f2gica \u00e9s un material por\u00f3s. Neteja qualsevol taca forta (com ara caf\u00e8, vi, olis o maquillatge) com m\u00e9s aviat millor per evitar marques permanents. Evita objectes esmolats.<\/span><\/p>\n<\/li>\n<\/ul>\n<\/blockquote>\n<hr class=\"ng-star-inserted\" \/>","protected":false},"excerpt":{"rendered":"<p class=\"ng-star-inserted\"><strong class=\"ng-star-inserted\"><span class=\"ng-star-inserted\">Safata Ess\u00e8ncia: Minimalisme Funcional<\/span><\/strong><\/p>\n<p class=\"ng-star-inserted\"><span class=\"ng-star-inserted\">No subestimis el poder dels b\u00e0sics. Amb les seves mesures compactes de\u00a0<\/span><strong class=\"ng-star-inserted\"><span class=\"ng-star-inserted\">18 x 10 cm<\/span><\/strong><span class=\"ng-star-inserted\">, la safata\u00a0<\/span><strong class=\"ng-star-inserted\"><span class=\"ng-star-inserted\">Ess\u00e8ncia<\/span><\/strong><span class=\"ng-star-inserted\">\u00a0neix per posar ordre en all\u00f2 important. El disseny de l\u00ednies corbes \u00e9s perfecte per organitzar aquests petits detalls quotidians sense saturar l&#039;espai.<\/span><\/p>\n<p class=\"ng-star-inserted\"><span class=\"ng-star-inserted\">\u00c9s el complement \u00abcomod\u00ed\u00bb que la teva casa necessita: fes-la servir al rebedor per a les claus, a la teva tauleta de nit per deixar les joies que et treus abans de dormir, o al bany. Petita, pr\u00e0ctica i amb l&#039;encant inconfusible de la resina artesanal.<\/span><\/p>","protected":false},"featured_media":405,"comment_status":"open","ping_status":"closed","template":"","meta":[],"product_brand":[],"product_cat":[35,31],"product_tag":[61,60],"class_list":{"0":"post-296","1":"product","2":"type-product","3":"status-publish","4":"has-post-thumbnail","6":"product_cat-bandeja","7":"product_cat-decoracion","8":"product_tag-bandeja","9":"product_tag-decoracion","11":"first","12":"instock","13":"shipping-taxable","14":"purchasable","15":"product-type-simple"},"_links":{"self":[{"href":"https:\/\/selfcarehomedecor.com\/ca\/wp-json\/wp\/v2\/product\/296","targetHints":{"allow":["GET"]}}],"collection":[{"href":"https:\/\/selfcarehomedecor.com\/ca\/wp-json\/wp\/v2\/product"}],"about":[{"href":"https:\/\/selfcarehomedecor.com\/ca\/wp-json\/wp\/v2\/types\/product"}],"replies":[{"embeddable":true,"href":"https:\/\/selfcarehomedecor.com\/ca\/wp-json\/wp\/v2\/comments?post=296"}],"wp:featuredmedia":[{"embeddable":true,"href":"https:\/\/selfcarehomedecor.com\/ca\/wp-json\/wp\/v2\/media\/405"}],"wp:attachment":[{"href":"https:\/\/selfcarehomedecor.com\/ca\/wp-json\/wp\/v2\/media?parent=296"}],"wp:term":[{"taxonomy":"product_brand","embeddable":true,"href":"https:\/\/selfcarehomedecor.com\/ca\/wp-json\/wp\/v2\/product_brand?post=296"},{"taxonomy":"product_cat","embeddable":true,"href":"https:\/\/selfcarehomedecor.com\/ca\/wp-json\/wp\/v2\/product_cat?post=296"},{"taxonomy":"product_tag","embeddable":true,"href":"https:\/\/selfcarehomedecor.com\/ca\/wp-json\/wp\/v2\/product_tag?post=296"}],"curies":[{"name":"wp","href":"https:\/\/api.w.org\/{rel}","templated":true}]}}

Safata Essència

<p><span data-sheets-root="1">Pes total: 260 gr. Llarg: 18 cm. Ample: 10 cm. Alt: 1,5cm.</span></p>
<p><span data-sheets-root="1"> Material: resina ecològica. </span></p>
<p><span data-sheets-root="1"><strong>(Decoració no inclosa).</strong></span></p>
<blockquote class="ng-star-inserted">
<p class="ng-star-inserted"><strong class="ng-star-inserted"><span class="ng-star-inserted">Ús i Cures:</span></strong></p>
<ul class="ng-star-inserted">
<li class="ng-star-inserted">
<p class="ng-star-inserted"><strong class="ng-star-inserted"><span class="ng-star-inserted">Neteja:</span></strong><span class="ng-star-inserted"> Per mantenir el seu acabat mat impecable, neteja-la amb un </span><strong class="ng-star-inserted"><span class="ng-star-inserted">drap suau o de microfibra</span></strong><span class="ng-star-inserted"> lleugerament humit.</span></p>
</li>
<li class="ng-star-inserted">
<p class="ng-star-inserted"><strong class="ng-star-inserted"><span class="ng-star-inserted">Precaució:</span></strong><span class="ng-star-inserted"> La resina ecològica és un material porós. Neteja qualsevol taca forta (com ara cafè, vi, olis o maquillatge) com més aviat millor per evitar marques permanents. Evita objectes esmolats.</span></p>
</li>
</ul>
</blockquote>
<hr class="ng-star-inserted" />

<p class="ng-star-inserted"><strong class="ng-star-inserted"><span class="ng-star-inserted">Safata Essència: Minimalisme Funcional</span></strong></p>
<p class="ng-star-inserted"><span class="ng-star-inserted">No subestimis el poder dels bàsics. Amb les seves mesures compactes de </span><strong class="ng-star-inserted"><span class="ng-star-inserted">18 x 10 cm</span></strong><span class="ng-star-inserted">, la safata </span><strong class="ng-star-inserted"><span class="ng-star-inserted">Essència</span></strong><span class="ng-star-inserted"> neix per posar ordre en allò important. El disseny de línies corbes és perfecte per organitzar aquests petits detalls quotidians sense saturar l&#039;espai.</span></p>
<p class="ng-star-inserted"><span class="ng-star-inserted">És el complement «comodí» que la teva casa necessita: fes-la servir al rebedor per a les claus, a la teva tauleta de nit per deixar les joies que et treus abans de dormir, o al bany. Petita, pràctica i amb l&#039;encant inconfusible de la resina artesanal.</span></p>
