{"id":299,"date":"2025-07-01T03:31:10","date_gmt":"2025-07-01T01:31:10","guid":{"rendered":"https:\/\/selfcarehomedecor.com\/?post_type=product&#038;p=299"},"modified":"2026-01-05T18:46:41","modified_gmt":"2026-01-05T17:46:41","slug":"bandeja-oasis","status":"publish","type":"product","link":"https:\/\/selfcarehomedecor.com\/ca\/producte\/bandeja-oasis\/","title":{"rendered":"Safata Oasis"},"content":{"rendered":"<p><span data-sheets-root=\"1\">Pes total: 378 gr. Llarg:29 cm Ample: 17,5cm Alt: 1,5 cm. <\/span><\/p>\n<p><span data-sheets-root=\"1\">Material: resina ecol\u00f2gica. <\/span><\/p>\n<p><span data-sheets-root=\"1\"><strong>(Decoraci\u00f3 no inclosa).<\/strong><\/span><\/p>\n<p class=\"ng-star-inserted\"><strong class=\"ng-star-inserted\"><span class=\"ng-star-inserted\">\u00das i Cures:<\/span><\/strong><\/p>\n<ul class=\"ng-star-inserted\">\n<li class=\"ng-star-inserted\">\n<p class=\"ng-star-inserted\"><strong class=\"ng-star-inserted\"><span class=\"ng-star-inserted\">Neteja:<\/span><\/strong><span class=\"ng-star-inserted\">\u00a0Per mantenir el seu acabat mat impecable, neteja-la amb un\u00a0<\/span><strong class=\"ng-star-inserted\"><span class=\"ng-star-inserted\">drap suau o de microfibra<\/span><\/strong><span class=\"ng-star-inserted\">\u00a0lleugerament humit.<\/span><\/p>\n<\/li>\n<li class=\"ng-star-inserted\">\n<p class=\"ng-star-inserted\"><strong class=\"ng-star-inserted\"><span class=\"ng-star-inserted\">Precauci\u00f3:<\/span><\/strong><span class=\"ng-star-inserted\">\u00a0La resina ecol\u00f2gica \u00e9s un material por\u00f3s. Neteja qualsevol taca forta (com ara caf\u00e8, vi, olis o maquillatge) com m\u00e9s aviat millor per evitar marques permanents. Evita objectes esmolats.<\/span><\/p>\n<\/li>\n<\/ul>\n<p>&nbsp;<\/p>","protected":false},"excerpt":{"rendered":"<p class=\"ng-star-inserted\"><strong class=\"ng-star-inserted\"><span class=\"ng-star-inserted\">Safata Oasis: Flu\u00efdesa i Moviment<\/span><\/strong><\/p>\n<p class=\"ng-star-inserted\"><span class=\"ng-star-inserted\">Porta la serenitat de l&#039;aigua a casa teva. La safata\u00a0<\/span><strong class=\"ng-star-inserted\"><span class=\"ng-star-inserted\">Oasis<\/span><\/strong><span class=\"ng-star-inserted\">\u00a0destaca per la seva silueta de\u00a0<\/span><strong class=\"ng-star-inserted\"><span class=\"ng-star-inserted\">vores ondulades<\/span><\/strong><span class=\"ng-star-inserted\">, inspirada en el moviment suau de les dunes i les onades. El disseny org\u00e0nic trenca la rigidesa de les l\u00ednies rectes dels mobles, aportant dinamisme i una sensaci\u00f3 visual de calma immediata.<\/span><\/p>\n<p class=\"ng-star-inserted\"><span class=\"ng-star-inserted\">Amb els seus generosos\u00a0<\/span><strong class=\"ng-star-inserted\"><span class=\"ng-star-inserted\">29 cm de llarg<\/span><\/strong><span class=\"ng-star-inserted\">, ofereix un espai ampli i estilitzat. \u00c9s perfecta per crear un rac\u00f3 de benestar al teu bany, agrupant les teves cremes i perfums, o com a centre de taula fluid per lluir les teves espelmes i gerros favorits.<\/span><\/p>","protected":false},"featured_media":1376,"comment_status":"open","ping_status":"closed","template":"","meta":[],"product_brand":[],"product_cat":[35,31],"product_tag":[61,60],"class_list":{"0":"post-299","1":"product","2":"type-product","3":"status-publish","4":"has-post-thumbnail","6":"product_cat-bandeja","7":"product_cat-decoracion","8":"product_tag-bandeja","9":"product_tag-decoracion","11":"first","12":"instock","13":"shipping-taxable","14":"purchasable","15":"product-type-simple"},"_links":{"self":[{"href":"https:\/\/selfcarehomedecor.com\/ca\/wp-json\/wp\/v2\/product\/299","targetHints":{"allow":["GET"]}}],"collection":[{"href":"https:\/\/selfcarehomedecor.com\/ca\/wp-json\/wp\/v2\/product"}],"about":[{"href":"https:\/\/selfcarehomedecor.com\/ca\/wp-json\/wp\/v2\/types\/product"}],"replies":[{"embeddable":true,"href":"https:\/\/selfcarehomedecor.com\/ca\/wp-json\/wp\/v2\/comments?post=299"}],"wp:featuredmedia":[{"embeddable":true,"href":"https:\/\/selfcarehomedecor.com\/ca\/wp-json\/wp\/v2\/media\/1376"}],"wp:attachment":[{"href":"https:\/\/selfcarehomedecor.com\/ca\/wp-json\/wp\/v2\/media?parent=299"}],"wp:term":[{"taxonomy":"product_brand","embeddable":true,"href":"https:\/\/selfcarehomedecor.com\/ca\/wp-json\/wp\/v2\/product_brand?post=299"},{"taxonomy":"product_cat","embeddable":true,"href":"https:\/\/selfcarehomedecor.com\/ca\/wp-json\/wp\/v2\/product_cat?post=299"},{"taxonomy":"product_tag","embeddable":true,"href":"https:\/\/selfcarehomedecor.com\/ca\/wp-json\/wp\/v2\/product_tag?post=299"}],"curies":[{"name":"wp","href":"https:\/\/api.w.org\/{rel}","templated":true}]}}

<p><span data-sheets-root="1">Pes total: 378 gr. Llarg:29 cm Ample: 17,5cm Alt: 1,5 cm. </span></p>
<p><span data-sheets-root="1">Material: resina ecològica. </span></p>
<p><span data-sheets-root="1"><strong>(Decoració no inclosa).</strong></span></p>
<p class="ng-star-inserted"><strong class="ng-star-inserted"><span class="ng-star-inserted">Ús i Cures:</span></strong></p>
<ul class="ng-star-inserted">
<li class="ng-star-inserted">
<p class="ng-star-inserted"><strong class="ng-star-inserted"><span class="ng-star-inserted">Neteja:</span></strong><span class="ng-star-inserted"> Per mantenir el seu acabat mat impecable, neteja-la amb un </span><strong class="ng-star-inserted"><span class="ng-star-inserted">drap suau o de microfibra</span></strong><span class="ng-star-inserted"> lleugerament humit.</span></p>
</li>
<li class="ng-star-inserted">
<p class="ng-star-inserted"><strong class="ng-star-inserted"><span class="ng-star-inserted">Precaució:</span></strong><span class="ng-star-inserted"> La resina ecològica és un material porós. Neteja qualsevol taca forta (com ara cafè, vi, olis o maquillatge) com més aviat millor per evitar marques permanents. Evita objectes esmolats.</span></p>
</li>
</ul>
<p>&nbsp;</p>

<p class="ng-star-inserted"><strong class="ng-star-inserted"><span class="ng-star-inserted">Safata Oasis: Fluïdesa i Moviment</span></strong></p>
<p class="ng-star-inserted"><span class="ng-star-inserted">Porta la serenitat de l&#039;aigua a casa teva. La safata </span><strong class="ng-star-inserted"><span class="ng-star-inserted">Oasis</span></strong><span class="ng-star-inserted"> destaca per la seva silueta de </span><strong class="ng-star-inserted"><span class="ng-star-inserted">vores ondulades</span></strong><span class="ng-star-inserted">, inspirada en el moviment suau de les dunes i les onades. El disseny orgànic trenca la rigidesa de les línies rectes dels mobles, aportant dinamisme i una sensació visual de calma immediata.</span></p>
<p class="ng-star-inserted"><span class="ng-star-inserted">Amb els seus generosos </span><strong class="ng-star-inserted"><span class="ng-star-inserted">29 cm de llarg</span></strong><span class="ng-star-inserted">, ofereix un espai ampli i estilitzat. És perfecta per crear un racó de benestar al teu bany, agrupant les teves cremes i perfums, o com a centre de taula fluid per lluir les teves espelmes i gerros favorits.</span></p>
