{"id":304,"date":"2025-07-01T03:35:38","date_gmt":"2025-07-01T01:35:38","guid":{"rendered":"https:\/\/selfcarehomedecor.com\/?post_type=product&#038;p=304"},"modified":"2026-01-05T19:00:08","modified_gmt":"2026-01-05T18:00:08","slug":"bandeja-arcoiris","status":"publish","type":"product","link":"https:\/\/selfcarehomedecor.com\/ca\/producte\/bandeja-arcoiris\/","title":{"rendered":"Safata Arcoiris"},"content":{"rendered":"<p><span data-sheets-root=\"1\">Pes total: 814 gr. Llarg: 22 cm. Ample: 1 cm. Alt: 31,50 cm.<\/span><\/p>\n<p><span data-sheets-root=\"1\"> Material: resina ecol\u00f2gica.<\/span><\/p>\n<p class=\"ng-star-inserted\"><strong class=\"ng-star-inserted\"><span class=\"ng-star-inserted\">\u00das i Cures:<\/span><\/strong><\/p>\n<ul class=\"ng-star-inserted\">\n<li class=\"ng-star-inserted\">\n<p class=\"ng-star-inserted\"><strong class=\"ng-star-inserted\"><span class=\"ng-star-inserted\">Neteja:<\/span><\/strong><span class=\"ng-star-inserted\">\u00a0Per mantenir el seu acabat mat impecable, neteja-la amb un\u00a0<\/span><strong class=\"ng-star-inserted\"><span class=\"ng-star-inserted\">drap suau o de microfibra<\/span><\/strong><span class=\"ng-star-inserted\">\u00a0lleugerament humit.<\/span><\/p>\n<\/li>\n<li class=\"ng-star-inserted\">\n<p class=\"ng-star-inserted\"><strong class=\"ng-star-inserted\"><span class=\"ng-star-inserted\">Precauci\u00f3:<\/span><\/strong><span class=\"ng-star-inserted\">\u00a0La resina ecol\u00f2gica \u00e9s un material por\u00f3s. Neteja qualsevol taca forta (com ara caf\u00e8, vi o maquillatge) com m\u00e9s aviat millor per evitar marques permanents. Evita objectes esmolats que puguin ratllar la superf\u00edcie.<\/span><\/p>\n<\/li>\n<\/ul>","protected":false},"excerpt":{"rendered":"<p class=\"ng-star-inserted\"><strong class=\"ng-star-inserted\"><span class=\"ng-star-inserted\">Safata Arcoiris: Versatilitat al Gran<\/span><\/strong><\/p>\n<p class=\"ng-star-inserted\"><span class=\"ng-star-inserted\">Molt m\u00e9s que una superf\u00edcie bonica. Amb els seus\u00a0<\/span><strong class=\"ng-star-inserted\"><span class=\"ng-star-inserted\">31,5 cm d&#039;al\u00e7ada<\/span><\/strong><span class=\"ng-star-inserted\">, la nostra Safata Arcoiris \u00e9s una pe\u00e7a de disseny rotunda, pensada tant per organitzar el teu espai com per decorar-lo per si mateixa. La seva silueta de corbes suaus aporta ordre i calma visual, convertint-se en el llen\u00e7 perfecte per als teus rituals.<\/span><\/p>\n<p class=\"ng-star-inserted\"><strong class=\"ng-star-inserted\"><span class=\"ng-star-inserted\">Tu tries com gaudir-la:<\/span><\/strong><\/p>\n<ul class=\"ng-star-inserted\">\n<li class=\"ng-star-inserted\">\n<p class=\"ng-star-inserted\"><strong class=\"ng-star-inserted\"><span class=\"ng-star-inserted\">Horitzontal:<\/span><\/strong><span class=\"ng-star-inserted\">\u00a0Fes-la servir com a centre de taula per agrupar les teves espelmes favorites, les joies o els perfums, emmarcant els objectes i protegint els teus mobles amb estil.<\/span><\/p>\n<\/li>\n<li class=\"ng-star-inserted\">\n<p class=\"ng-star-inserted\"><strong class=\"ng-star-inserted\"><span class=\"ng-star-inserted\">Vertical:<\/span><\/strong><span class=\"ng-star-inserted\">\u00a0Recolza-la contra la paret en una prestatgeria o consola. A l&#039;instant es transforma en una obra d&#039;art escult\u00f2rica que afegeix textura i altura a la teva decoraci\u00f3 sense necessitat de penjar res.<\/span><\/p>\n<\/li>\n<\/ul>","protected":false},"featured_media":1372,"comment_status":"open","ping_status":"closed","template":"","meta":[],"product_brand":[],"product_cat":[35,31],"product_tag":[60],"class_list":{"0":"post-304","1":"product","2":"type-product","3":"status-publish","4":"has-post-thumbnail","6":"product_cat-bandeja","7":"product_cat-decoracion","8":"product_tag-decoracion","10":"first","11":"instock","12":"shipping-taxable","13":"purchasable","14":"product-type-simple"},"_links":{"self":[{"href":"https:\/\/selfcarehomedecor.com\/ca\/wp-json\/wp\/v2\/product\/304","targetHints":{"allow":["GET"]}}],"collection":[{"href":"https:\/\/selfcarehomedecor.com\/ca\/wp-json\/wp\/v2\/product"}],"about":[{"href":"https:\/\/selfcarehomedecor.com\/ca\/wp-json\/wp\/v2\/types\/product"}],"replies":[{"embeddable":true,"href":"https:\/\/selfcarehomedecor.com\/ca\/wp-json\/wp\/v2\/comments?post=304"}],"wp:featuredmedia":[{"embeddable":true,"href":"https:\/\/selfcarehomedecor.com\/ca\/wp-json\/wp\/v2\/media\/1372"}],"wp:attachment":[{"href":"https:\/\/selfcarehomedecor.com\/ca\/wp-json\/wp\/v2\/media?parent=304"}],"wp:term":[{"taxonomy":"product_brand","embeddable":true,"href":"https:\/\/selfcarehomedecor.com\/ca\/wp-json\/wp\/v2\/product_brand?post=304"},{"taxonomy":"product_cat","embeddable":true,"href":"https:\/\/selfcarehomedecor.com\/ca\/wp-json\/wp\/v2\/product_cat?post=304"},{"taxonomy":"product_tag","embeddable":true,"href":"https:\/\/selfcarehomedecor.com\/ca\/wp-json\/wp\/v2\/product_tag?post=304"}],"curies":[{"name":"wp","href":"https:\/\/api.w.org\/{rel}","templated":true}]}}

<p><span data-sheets-root="1">Pes total: 814 gr. Llarg: 22 cm. Ample: 1 cm. Alt: 31,50 cm.</span></p>
<p><span data-sheets-root="1"> Material: resina ecològica.</span></p>
<p class="ng-star-inserted"><strong class="ng-star-inserted"><span class="ng-star-inserted">Ús i Cures:</span></strong></p>
<ul class="ng-star-inserted">
<li class="ng-star-inserted">
<p class="ng-star-inserted"><strong class="ng-star-inserted"><span class="ng-star-inserted">Neteja:</span></strong><span class="ng-star-inserted"> Per mantenir el seu acabat mat impecable, neteja-la amb un </span><strong class="ng-star-inserted"><span class="ng-star-inserted">drap suau o de microfibra</span></strong><span class="ng-star-inserted"> lleugerament humit.</span></p>
</li>
<li class="ng-star-inserted">
<p class="ng-star-inserted"><strong class="ng-star-inserted"><span class="ng-star-inserted">Precaució:</span></strong><span class="ng-star-inserted"> La resina ecològica és un material porós. Neteja qualsevol taca forta (com ara cafè, vi o maquillatge) com més aviat millor per evitar marques permanents. Evita objectes esmolats que puguin ratllar la superfície.</span></p>
</li>
</ul>

<p class="ng-star-inserted"><strong class="ng-star-inserted"><span class="ng-star-inserted">Safata Arcoiris: Versatilitat al Gran</span></strong></p>
<p class="ng-star-inserted"><span class="ng-star-inserted">Molt més que una superfície bonica. Amb els seus </span><strong class="ng-star-inserted"><span class="ng-star-inserted">31,5 cm d&#039;alçada</span></strong><span class="ng-star-inserted">, la nostra Safata Arcoiris és una peça de disseny rotunda, pensada tant per organitzar el teu espai com per decorar-lo per si mateixa. La seva silueta de corbes suaus aporta ordre i calma visual, convertint-se en el llenç perfecte per als teus rituals.</span></p>
<p class="ng-star-inserted"><strong class="ng-star-inserted"><span class="ng-star-inserted">Tu tries com gaudir-la:</span></strong></p>
<ul class="ng-star-inserted">
<li class="ng-star-inserted">
<p class="ng-star-inserted"><strong class="ng-star-inserted"><span class="ng-star-inserted">Horitzontal:</span></strong><span class="ng-star-inserted"> Fes-la servir com a centre de taula per agrupar les teves espelmes favorites, les joies o els perfums, emmarcant els objectes i protegint els teus mobles amb estil.</span></p>
</li>
<li class="ng-star-inserted">
<p class="ng-star-inserted"><strong class="ng-star-inserted"><span class="ng-star-inserted">Vertical:</span></strong><span class="ng-star-inserted"> Recolza-la contra la paret en una prestatgeria o consola. A l&#039;instant es transforma en una obra d&#039;art escultòrica que afegeix textura i altura a la teva decoració sense necessitat de penjar res.</span></p>
</li>
</ul>
