{"id":305,"date":"2025-07-01T03:36:18","date_gmt":"2025-07-01T01:36:18","guid":{"rendered":"https:\/\/selfcarehomedecor.com\/?post_type=product&#038;p=305"},"modified":"2026-01-05T19:11:13","modified_gmt":"2026-01-05T18:11:13","slug":"jarron-liso","status":"publish","type":"product","link":"https:\/\/selfcarehomedecor.com\/ca\/producte\/jarron-liso\/","title":{"rendered":"Gerro Llen\u00e7"},"content":{"rendered":"<p><span data-sheets-root=\"1\">Pes total: 318 gr. Di\u00e0metre: 7 cm. Ample: 0,5 cm. Llarg: 10 cm.<\/span><\/p>\n<p><span data-sheets-root=\"1\"> Material: resina ecol\u00f2gica.<\/span><\/p>\n<p class=\"ng-star-inserted\"><strong class=\"ng-star-inserted\"><span class=\"ng-star-inserted\">\u00das i Cures:<\/span><\/strong><\/p>\n<ul class=\"ng-star-inserted\">\n<li class=\"ng-star-inserted\">\n<p class=\"ng-star-inserted\"><strong class=\"ng-star-inserted\"><span class=\"ng-star-inserted\">Flors:<\/span><\/strong><span class=\"ng-star-inserted\">\u00a0Pe\u00e7a dissenyada\u00a0<\/span><strong class=\"ng-star-inserted\"><span class=\"ng-star-inserted\">exclusivament per a flors seques o preservades<\/span><\/strong><span class=\"ng-star-inserted\">. Per la seva naturalesa porosa, no l&#039;omplis d&#039;aigua directament (si uses flors fresques, col\u00b7loca un gotet interior).<\/span><\/p>\n<\/li>\n<li class=\"ng-star-inserted\">\n<p class=\"ng-star-inserted\"><strong class=\"ng-star-inserted\"><span class=\"ng-star-inserted\">Neteja:<\/span><\/strong><span class=\"ng-star-inserted\">\u00a0Per mantenir-lo impecable, neteja-ho suaument amb un\u00a0<\/span><strong class=\"ng-star-inserted\"><span class=\"ng-star-inserted\">drap suau o de microfibra<\/span><\/strong><span class=\"ng-star-inserted\">\u00a0lleugerament humit. Evita productes qu\u00edmics agressius per protegir-ne l&#039;acabat natural.<\/span><\/p>\n<\/li>\n<\/ul>","protected":false},"excerpt":{"rendered":"<p class=\"ng-star-inserted\"><strong class=\"ng-star-inserted\"><span class=\"ng-star-inserted\">Gerro Llen\u00e7: L&#039;Eleg\u00e0ncia de l&#039;Essencial<\/span><\/strong><\/p>\n<p class=\"ng-star-inserted\"><span class=\"ng-star-inserted\">La bellesa resideix a la puresa. Aquest gerro destaca pel disseny circular impecable i la superf\u00edcie totalment llisa, lliure de distraccions. \u00c9s una oda al minimalisme que combina la suavitat de la corba amb l&#039;acabat mat i natural de la resina ecol\u00f2gica.<\/span><\/p>\n<p class=\"ng-star-inserted\"><span class=\"ng-star-inserted\">Gr\u00e0cies a la seva est\u00e8tica s\u00f2bria, actua com el\u00a0<\/span><strong class=\"ng-star-inserted\"><span class=\"ng-star-inserted\">llen\u00e7 perfecte<\/span><\/strong><span class=\"ng-star-inserted\">\u00a0perqu\u00e8 les teves composicions florals brillin amb llum pr\u00f2pia. Sense textures que competeixin visualment, cedeix tot el protagonisme a la natura, convertint-se en una pe\u00e7a atemporal capa\u00e7 d&#039;aportar calma i sofisticaci\u00f3 a qualsevol estil decoratiu.<\/span><\/p>","protected":false},"featured_media":404,"comment_status":"open","ping_status":"closed","template":"","meta":[],"product_brand":[],"product_cat":[31,40],"product_tag":[60],"class_list":{"0":"post-305","1":"product","2":"type-product","3":"status-publish","4":"has-post-thumbnail","6":"product_cat-decoracion","7":"product_cat-jarron","8":"product_tag-decoracion","10":"first","11":"instock","12":"shipping-taxable","13":"purchasable","14":"product-type-simple"},"_links":{"self":[{"href":"https:\/\/selfcarehomedecor.com\/ca\/wp-json\/wp\/v2\/product\/305","targetHints":{"allow":["GET"]}}],"collection":[{"href":"https:\/\/selfcarehomedecor.com\/ca\/wp-json\/wp\/v2\/product"}],"about":[{"href":"https:\/\/selfcarehomedecor.com\/ca\/wp-json\/wp\/v2\/types\/product"}],"replies":[{"embeddable":true,"href":"https:\/\/selfcarehomedecor.com\/ca\/wp-json\/wp\/v2\/comments?post=305"}],"wp:featuredmedia":[{"embeddable":true,"href":"https:\/\/selfcarehomedecor.com\/ca\/wp-json\/wp\/v2\/media\/404"}],"wp:attachment":[{"href":"https:\/\/selfcarehomedecor.com\/ca\/wp-json\/wp\/v2\/media?parent=305"}],"wp:term":[{"taxonomy":"product_brand","embeddable":true,"href":"https:\/\/selfcarehomedecor.com\/ca\/wp-json\/wp\/v2\/product_brand?post=305"},{"taxonomy":"product_cat","embeddable":true,"href":"https:\/\/selfcarehomedecor.com\/ca\/wp-json\/wp\/v2\/product_cat?post=305"},{"taxonomy":"product_tag","embeddable":true,"href":"https:\/\/selfcarehomedecor.com\/ca\/wp-json\/wp\/v2\/product_tag?post=305"}],"curies":[{"name":"wp","href":"https:\/\/api.w.org\/{rel}","templated":true}]}}

Gerro Llenç

<p><span data-sheets-root="1">Pes total: 318 gr. Diàmetre: 7 cm. Ample: 0,5 cm. Llarg: 10 cm.</span></p>
<p><span data-sheets-root="1"> Material: resina ecològica.</span></p>
<p class="ng-star-inserted"><strong class="ng-star-inserted"><span class="ng-star-inserted">Ús i Cures:</span></strong></p>
<ul class="ng-star-inserted">
<li class="ng-star-inserted">
<p class="ng-star-inserted"><strong class="ng-star-inserted"><span class="ng-star-inserted">Flors:</span></strong><span class="ng-star-inserted"> Peça dissenyada </span><strong class="ng-star-inserted"><span class="ng-star-inserted">exclusivament per a flors seques o preservades</span></strong><span class="ng-star-inserted">. Per la seva naturalesa porosa, no l&#039;omplis d&#039;aigua directament (si uses flors fresques, col·loca un gotet interior).</span></p>
</li>
<li class="ng-star-inserted">
<p class="ng-star-inserted"><strong class="ng-star-inserted"><span class="ng-star-inserted">Neteja:</span></strong><span class="ng-star-inserted"> Per mantenir-lo impecable, neteja-ho suaument amb un </span><strong class="ng-star-inserted"><span class="ng-star-inserted">drap suau o de microfibra</span></strong><span class="ng-star-inserted"> lleugerament humit. Evita productes químics agressius per protegir-ne l&#039;acabat natural.</span></p>
</li>
</ul>

<p class="ng-star-inserted"><strong class="ng-star-inserted"><span class="ng-star-inserted">Gerro Llenç: L&#039;Elegància de l&#039;Essencial</span></strong></p>
<p class="ng-star-inserted"><span class="ng-star-inserted">La bellesa resideix a la puresa. Aquest gerro destaca pel disseny circular impecable i la superfície totalment llisa, lliure de distraccions. És una oda al minimalisme que combina la suavitat de la corba amb l&#039;acabat mat i natural de la resina ecològica.</span></p>
<p class="ng-star-inserted"><span class="ng-star-inserted">Gràcies a la seva estètica sòbria, actua com el </span><strong class="ng-star-inserted"><span class="ng-star-inserted">llenç perfecte</span></strong><span class="ng-star-inserted"> perquè les teves composicions florals brillin amb llum pròpia. Sense textures que competeixin visualment, cedeix tot el protagonisme a la natura, convertint-se en una peça atemporal capaç d&#039;aportar calma i sofisticació a qualsevol estil decoratiu.</span></p>
