{"id":307,"date":"2025-07-01T03:37:06","date_gmt":"2025-07-01T01:37:06","guid":{"rendered":"https:\/\/selfcarehomedecor.com\/?post_type=product&#038;p=307"},"modified":"2026-01-05T19:09:02","modified_gmt":"2026-01-05T18:09:02","slug":"jarron-hexagonal","status":"publish","type":"product","link":"https:\/\/selfcarehomedecor.com\/ca\/producte\/jarron-hexagonal\/","title":{"rendered":"Gerro Prisma"},"content":{"rendered":"<p><span data-sheets-root=\"1\">Pes total:392 gr. Di\u00e0metre: 8 cm. Ample: 2 cm. Llarg: 10 cm. <\/span><\/p>\n<p><span data-sheets-root=\"1\">Material: resina ecol\u00f2gica.<\/span><\/p>\n<p class=\"ng-star-inserted\"><strong class=\"ng-star-inserted\"><span class=\"ng-star-inserted\">\u00das i Cures:<\/span><\/strong><\/p>\n<ul class=\"ng-star-inserted\">\n<li class=\"ng-star-inserted\">\n<p class=\"ng-star-inserted\"><strong class=\"ng-star-inserted\"><span class=\"ng-star-inserted\">Flors:<\/span><\/strong><span class=\"ng-star-inserted\">\u00a0Pe\u00e7a dissenyada\u00a0<\/span><strong class=\"ng-star-inserted\"><span class=\"ng-star-inserted\">exclusivament per a flors seques o preservades<\/span><\/strong><span class=\"ng-star-inserted\">. Per la seva naturalesa porosa, no l&#039;omplis d&#039;aigua directament (si uses flors fresques, col\u00b7loca un gotet interior).<\/span><\/p>\n<\/li>\n<li class=\"ng-star-inserted\">\n<p class=\"ng-star-inserted\"><strong class=\"ng-star-inserted\"><span class=\"ng-star-inserted\">Neteja:<\/span><\/strong><span class=\"ng-star-inserted\">\u00a0Per mantenir-lo impecable, neteja-ho suaument amb un\u00a0<\/span><strong class=\"ng-star-inserted\"><span class=\"ng-star-inserted\">drap suau o de microfibra<\/span><\/strong><span class=\"ng-star-inserted\">\u00a0lleugerament humit. Evita productes qu\u00edmics agressius per protegir-ne l&#039;acabat natural.<\/span><\/p>\n<\/li>\n<\/ul>","protected":false},"excerpt":{"rendered":"<p class=\"ng-star-inserted\"><strong class=\"ng-star-inserted\"><span class=\"ng-star-inserted\">Gerro Prisma: Geometria i Llum<\/span><\/strong><\/p>\n<p class=\"ng-star-inserted\"><span class=\"ng-star-inserted\">L&#039;equilibri perfecte entre la suavitat i l&#039;estructura. Aquest gerro combina una silueta arrodonida amb\u00a0<\/span><strong class=\"ng-star-inserted\"><span class=\"ng-star-inserted\">facetes hexagonals<\/span><\/strong><span class=\"ng-star-inserted\">, creant un disseny geom\u00e8tric que atrapa la llum des de diferents angles. \u00c9s una pe\u00e7a din\u00e0mica que canvia subtilment segons com incideixi el sol sobre les cares.<\/span><\/p>\n<p class=\"ng-star-inserted\"><span class=\"ng-star-inserted\">El seu acabat mat i el seu tacte suau el converteixen en el suport ideal per a les teves composicions florals preferides. Ja sigui amb unes branques d&#039;eucaliptus, flors de cot\u00f3 o plomalls de pampas, aquest gerro eleva la decoraci\u00f3 aportant un toc modern i arquitect\u00f2nic.<\/span><\/p>","protected":false},"featured_media":442,"comment_status":"open","ping_status":"closed","template":"","meta":[],"product_brand":[],"product_cat":[31,40],"product_tag":[60],"class_list":{"0":"post-307","1":"product","2":"type-product","3":"status-publish","4":"has-post-thumbnail","6":"product_cat-decoracion","7":"product_cat-jarron","8":"product_tag-decoracion","10":"first","11":"instock","12":"shipping-taxable","13":"purchasable","14":"product-type-simple"},"_links":{"self":[{"href":"https:\/\/selfcarehomedecor.com\/ca\/wp-json\/wp\/v2\/product\/307","targetHints":{"allow":["GET"]}}],"collection":[{"href":"https:\/\/selfcarehomedecor.com\/ca\/wp-json\/wp\/v2\/product"}],"about":[{"href":"https:\/\/selfcarehomedecor.com\/ca\/wp-json\/wp\/v2\/types\/product"}],"replies":[{"embeddable":true,"href":"https:\/\/selfcarehomedecor.com\/ca\/wp-json\/wp\/v2\/comments?post=307"}],"wp:featuredmedia":[{"embeddable":true,"href":"https:\/\/selfcarehomedecor.com\/ca\/wp-json\/wp\/v2\/media\/442"}],"wp:attachment":[{"href":"https:\/\/selfcarehomedecor.com\/ca\/wp-json\/wp\/v2\/media?parent=307"}],"wp:term":[{"taxonomy":"product_brand","embeddable":true,"href":"https:\/\/selfcarehomedecor.com\/ca\/wp-json\/wp\/v2\/product_brand?post=307"},{"taxonomy":"product_cat","embeddable":true,"href":"https:\/\/selfcarehomedecor.com\/ca\/wp-json\/wp\/v2\/product_cat?post=307"},{"taxonomy":"product_tag","embeddable":true,"href":"https:\/\/selfcarehomedecor.com\/ca\/wp-json\/wp\/v2\/product_tag?post=307"}],"curies":[{"name":"wp","href":"https:\/\/api.w.org\/{rel}","templated":true}]}}

<p><span data-sheets-root="1">Pes total:392 gr. Diàmetre: 8 cm. Ample: 2 cm. Llarg: 10 cm. </span></p>
<p><span data-sheets-root="1">Material: resina ecològica.</span></p>
<p class="ng-star-inserted"><strong class="ng-star-inserted"><span class="ng-star-inserted">Ús i Cures:</span></strong></p>
<ul class="ng-star-inserted">
<li class="ng-star-inserted">
<p class="ng-star-inserted"><strong class="ng-star-inserted"><span class="ng-star-inserted">Flors:</span></strong><span class="ng-star-inserted"> Peça dissenyada </span><strong class="ng-star-inserted"><span class="ng-star-inserted">exclusivament per a flors seques o preservades</span></strong><span class="ng-star-inserted">. Per la seva naturalesa porosa, no l&#039;omplis d&#039;aigua directament (si uses flors fresques, col·loca un gotet interior).</span></p>
</li>
<li class="ng-star-inserted">
<p class="ng-star-inserted"><strong class="ng-star-inserted"><span class="ng-star-inserted">Neteja:</span></strong><span class="ng-star-inserted"> Per mantenir-lo impecable, neteja-ho suaument amb un </span><strong class="ng-star-inserted"><span class="ng-star-inserted">drap suau o de microfibra</span></strong><span class="ng-star-inserted"> lleugerament humit. Evita productes químics agressius per protegir-ne l&#039;acabat natural.</span></p>
</li>
</ul>

<p class="ng-star-inserted"><strong class="ng-star-inserted"><span class="ng-star-inserted">Gerro Prisma: Geometria i Llum</span></strong></p>
<p class="ng-star-inserted"><span class="ng-star-inserted">L&#039;equilibri perfecte entre la suavitat i l&#039;estructura. Aquest gerro combina una silueta arrodonida amb </span><strong class="ng-star-inserted"><span class="ng-star-inserted">facetes hexagonals</span></strong><span class="ng-star-inserted">, creant un disseny geomètric que atrapa la llum des de diferents angles. És una peça dinàmica que canvia subtilment segons com incideixi el sol sobre les cares.</span></p>
<p class="ng-star-inserted"><span class="ng-star-inserted">El seu acabat mat i el seu tacte suau el converteixen en el suport ideal per a les teves composicions florals preferides. Ja sigui amb unes branques d&#039;eucaliptus, flors de cotó o plomalls de pampas, aquest gerro eleva la decoració aportant un toc modern i arquitectònic.</span></p>
