{"id":308,"date":"2025-07-01T03:37:45","date_gmt":"2025-07-01T01:37:45","guid":{"rendered":"https:\/\/selfcarehomedecor.com\/?post_type=product&#038;p=308"},"modified":"2026-01-05T19:34:52","modified_gmt":"2026-01-05T18:34:52","slug":"joyero-efecto-piedra-rugosa","status":"publish","type":"product","link":"https:\/\/selfcarehomedecor.com\/ca\/producte\/joyero-efecto-piedra-rugosa\/","title":{"rendered":"Joier Petra"},"content":{"rendered":"<p class=\"ng-star-inserted\"><strong class=\"ng-star-inserted\"><span class=\"ng-star-inserted\">Detalls del Producte:<\/span><\/strong><\/p>\n<ul class=\"ng-star-inserted\">\n<li class=\"ng-star-inserted\">\n<p class=\"ng-star-inserted\"><strong class=\"ng-star-inserted\"><span class=\"ng-star-inserted\">Disseny:<\/span><\/strong><span class=\"ng-star-inserted\">\u00a0Acabat efecte pedra rugosa (Textura t\u00e0ctil).<\/span><\/p>\n<\/li>\n<li class=\"ng-star-inserted\">\n<p class=\"ng-star-inserted\"><strong class=\"ng-star-inserted\"><span class=\"ng-star-inserted\">Mesures:<\/span><\/strong><span class=\"ng-star-inserted\">\u00a0\u00d8 11,5 cm | Al\u00e7ada: 3,5 cm.<\/span><\/p>\n<\/li>\n<li class=\"ng-star-inserted\">\n<p class=\"ng-star-inserted\"><strong class=\"ng-star-inserted\"><span class=\"ng-star-inserted\">Pes:<\/span><\/strong><span class=\"ng-star-inserted\">\u00a0431 gr (Pe\u00e7a s\u00f2lida).<\/span><\/p>\n<\/li>\n<li class=\"ng-star-inserted\">\n<p class=\"ng-star-inserted\"><strong class=\"ng-star-inserted\"><span class=\"ng-star-inserted\">Material:<\/span><\/strong><span class=\"ng-star-inserted\">\u00a0Resina ecol\u00f2gica artesanal.<\/span><\/p>\n<\/li>\n<li class=\"ng-star-inserted\">\n<p class=\"ng-star-inserted\"><strong class=\"ng-star-inserted\"><span class=\"ng-star-inserted\">Nota:<\/span><\/strong><span class=\"ng-star-inserted\">\u00a0<\/span><span class=\"ng-star-inserted\">Arracades i accessoris no inclosos.<\/span><\/p>\n<\/li>\n<li class=\"ng-star-inserted\">\n<p class=\"ng-star-inserted\"><strong class=\"ng-star-inserted\"><span class=\"ng-star-inserted\">Cures:<\/span><\/strong><span class=\"ng-star-inserted\">\u00a0Netejar suaument amb un raspall suau o drap sec (per entrar a la textura).<\/span><\/p>\n<\/li>\n<\/ul>","protected":false},"excerpt":{"rendered":"<p class=\"ng-star-inserted\"><strong class=\"ng-star-inserted\"><span class=\"ng-star-inserted\">Joier Petra: Textura Org\u00e0nica<\/span><\/strong><\/p>\n<p class=\"ng-star-inserted\"><span class=\"ng-star-inserted\">La bellesa resideix en all\u00f2 aut\u00e8ntic. El\u00a0<\/span><strong class=\"ng-star-inserted\"><span class=\"ng-star-inserted\">Joier Petra<\/span><\/strong><span class=\"ng-star-inserted\">\u00a0captura l&#039;est\u00e8tica crua de la pedra natural amb un acabat fascinant rug\u00f3s. La seva superf\u00edcie mat i texturitzada crea el contrast perfecte per fer brillar les teves joies: l&#039;or i la plata destaquen com mai sobre aquest fons de car\u00e0cter mineral.<\/span><\/p>\n<p class=\"ng-star-inserted\"><span class=\"ng-star-inserted\">Amb\u00a0<\/span><strong class=\"ng-star-inserted\"><span class=\"ng-star-inserted\">431 grams de pes<\/span><\/strong><span class=\"ng-star-inserted\">, \u00e9s una pe\u00e7a s\u00f2lida i compacta que transmet estabilitat. Per\u00f2 el millor \u00e9s la seva\u00a0<\/span><strong class=\"ng-star-inserted\"><span class=\"ng-star-inserted\">doble \u00e0nima<\/span><\/strong><span class=\"ng-star-inserted\">:<\/span><br class=\"ng-star-inserted\" \/><span class=\"ng-star-inserted\">No nom\u00e9s protegeix els teus arracades i anells; gr\u00e0cies a la seva resist\u00e8ncia i disseny, pots transformar-lo en un\u00a0<\/span><strong class=\"ng-star-inserted\"><span class=\"ng-star-inserted\">original canelobre<\/span><\/strong><span class=\"ng-star-inserted\">. Fes-lo servir per col\u00b7locar una espelma al seu interior: la llum de la flama ballant sobre la textura de \u00abpedra\u00bb crea una atmosfera \u00edntima i acollidora inigualable.<\/span><\/p>","protected":false},"featured_media":410,"comment_status":"open","ping_status":"closed","template":"","meta":[],"product_brand":[],"product_cat":[31,41],"product_tag":[60],"class_list":{"0":"post-308","1":"product","2":"type-product","3":"status-publish","4":"has-post-thumbnail","6":"product_cat-decoracion","7":"product_cat-joyero","8":"product_tag-decoracion","10":"first","11":"instock","12":"shipping-taxable","13":"purchasable","14":"product-type-simple"},"_links":{"self":[{"href":"https:\/\/selfcarehomedecor.com\/ca\/wp-json\/wp\/v2\/product\/308","targetHints":{"allow":["GET"]}}],"collection":[{"href":"https:\/\/selfcarehomedecor.com\/ca\/wp-json\/wp\/v2\/product"}],"about":[{"href":"https:\/\/selfcarehomedecor.com\/ca\/wp-json\/wp\/v2\/types\/product"}],"replies":[{"embeddable":true,"href":"https:\/\/selfcarehomedecor.com\/ca\/wp-json\/wp\/v2\/comments?post=308"}],"wp:featuredmedia":[{"embeddable":true,"href":"https:\/\/selfcarehomedecor.com\/ca\/wp-json\/wp\/v2\/media\/410"}],"wp:attachment":[{"href":"https:\/\/selfcarehomedecor.com\/ca\/wp-json\/wp\/v2\/media?parent=308"}],"wp:term":[{"taxonomy":"product_brand","embeddable":true,"href":"https:\/\/selfcarehomedecor.com\/ca\/wp-json\/wp\/v2\/product_brand?post=308"},{"taxonomy":"product_cat","embeddable":true,"href":"https:\/\/selfcarehomedecor.com\/ca\/wp-json\/wp\/v2\/product_cat?post=308"},{"taxonomy":"product_tag","embeddable":true,"href":"https:\/\/selfcarehomedecor.com\/ca\/wp-json\/wp\/v2\/product_tag?post=308"}],"curies":[{"name":"wp","href":"https:\/\/api.w.org\/{rel}","templated":true}]}}

<p class="ng-star-inserted"><strong class="ng-star-inserted"><span class="ng-star-inserted">Detalls del Producte:</span></strong></p>
<ul class="ng-star-inserted">
<li class="ng-star-inserted">
<p class="ng-star-inserted"><strong class="ng-star-inserted"><span class="ng-star-inserted">Disseny:</span></strong><span class="ng-star-inserted"> Acabat efecte pedra rugosa (Textura tàctil).</span></p>
</li>
<li class="ng-star-inserted">
<p class="ng-star-inserted"><strong class="ng-star-inserted"><span class="ng-star-inserted">Mesures:</span></strong><span class="ng-star-inserted"> Ø 11,5 cm | Alçada: 3,5 cm.</span></p>
</li>
<li class="ng-star-inserted">
<p class="ng-star-inserted"><strong class="ng-star-inserted"><span class="ng-star-inserted">Pes:</span></strong><span class="ng-star-inserted"> 431 gr (Peça sòlida).</span></p>
</li>
<li class="ng-star-inserted">
<p class="ng-star-inserted"><strong class="ng-star-inserted"><span class="ng-star-inserted">Material:</span></strong><span class="ng-star-inserted"> Resina ecològica artesanal.</span></p>
</li>
<li class="ng-star-inserted">
<p class="ng-star-inserted"><strong class="ng-star-inserted"><span class="ng-star-inserted">Nota:</span></strong><span class="ng-star-inserted"> </span><span class="ng-star-inserted">Arracades i accessoris no inclosos.</span></p>
</li>
<li class="ng-star-inserted">
<p class="ng-star-inserted"><strong class="ng-star-inserted"><span class="ng-star-inserted">Cures:</span></strong><span class="ng-star-inserted"> Netejar suaument amb un raspall suau o drap sec (per entrar a la textura).</span></p>
</li>
</ul>

<p class="ng-star-inserted"><strong class="ng-star-inserted"><span class="ng-star-inserted">Joier Petra: Textura Orgànica</span></strong></p>
<p class="ng-star-inserted"><span class="ng-star-inserted">La bellesa resideix en allò autèntic. El </span><strong class="ng-star-inserted"><span class="ng-star-inserted">Joier Petra</span></strong><span class="ng-star-inserted"> captura l&#039;estètica crua de la pedra natural amb un acabat fascinant rugós. La seva superfície mat i texturitzada crea el contrast perfecte per fer brillar les teves joies: l&#039;or i la plata destaquen com mai sobre aquest fons de caràcter mineral.</span></p>
<p class="ng-star-inserted"><span class="ng-star-inserted">Amb </span><strong class="ng-star-inserted"><span class="ng-star-inserted">431 grams de pes</span></strong><span class="ng-star-inserted">, és una peça sòlida i compacta que transmet estabilitat. Però el millor és la seva </span><strong class="ng-star-inserted"><span class="ng-star-inserted">doble ànima</span></strong><span class="ng-star-inserted">:</span><br class="ng-star-inserted" /><span class="ng-star-inserted">No només protegeix els teus arracades i anells; gràcies a la seva resistència i disseny, pots transformar-lo en un </span><strong class="ng-star-inserted"><span class="ng-star-inserted">original canelobre</span></strong><span class="ng-star-inserted">. Fes-lo servir per col·locar una espelma al seu interior: la llum de la flama ballant sobre la textura de «pedra» crea una atmosfera íntima i acollidora inigualable.</span></p>
