{"id":309,"date":"2025-07-01T03:38:29","date_gmt":"2025-07-01T01:38:29","guid":{"rendered":"https:\/\/selfcarehomedecor.com\/?post_type=product&#038;p=309"},"modified":"2026-01-05T19:28:44","modified_gmt":"2026-01-05T18:28:44","slug":"joyero-efecto-acolchado","status":"publish","type":"product","link":"https:\/\/selfcarehomedecor.com\/ca\/producte\/joyero-efecto-acolchado\/","title":{"rendered":"Joier Capiton\u00e9"},"content":{"rendered":"<p class=\"ng-star-inserted\"><strong class=\"ng-star-inserted\"><span class=\"ng-star-inserted\">Detalls del Producte:<\/span><\/strong><\/p>\n<ul class=\"ng-star-inserted\">\n<li class=\"ng-star-inserted\">\n<p class=\"ng-star-inserted\"><strong class=\"ng-star-inserted\"><span class=\"ng-star-inserted\">Disseny:<\/span><\/strong><span class=\"ng-star-inserted\">\u00a0Textura efecte encoixinat (Capiton\u00e9).<\/span><\/p>\n<\/li>\n<li class=\"ng-star-inserted\">\n<p class=\"ng-star-inserted\"><strong class=\"ng-star-inserted\"><span class=\"ng-star-inserted\">Mesures:<\/span><\/strong><span class=\"ng-star-inserted\">\u00a0\u00d8 13 cm | Al\u00e7ada: 5 cm.<\/span><\/p>\n<\/li>\n<li class=\"ng-star-inserted\">\n<p class=\"ng-star-inserted\"><strong class=\"ng-star-inserted\"><span class=\"ng-star-inserted\">Pes:<\/span><\/strong><span class=\"ng-star-inserted\">\u00a0622 gr (Alta densitat i estabilitat).<\/span><\/p>\n<\/li>\n<li class=\"ng-star-inserted\">\n<p class=\"ng-star-inserted\"><strong class=\"ng-star-inserted\"><span class=\"ng-star-inserted\">Material:<\/span><\/strong><span class=\"ng-star-inserted\">\u00a0Resina ecol\u00f2gica artesanal.<\/span><\/p>\n<\/li>\n<li class=\"ng-star-inserted\">\n<p class=\"ng-star-inserted\"><strong class=\"ng-star-inserted\"><span class=\"ng-star-inserted\">Cures:<\/span><\/strong><span class=\"ng-star-inserted\"> Netejar amb un drap suau o plomall<\/span><\/p>\n<\/li>\n<\/ul>","protected":false},"excerpt":{"rendered":"<p class=\"ng-star-inserted\"><strong class=\"ng-star-inserted\"><span class=\"ng-star-inserted\">Joier Capiton\u00e9: Luxe Texturitzat<\/span><\/strong><\/p>\n<p class=\"ng-star-inserted\"><span class=\"ng-star-inserted\">Un joc visual fascinant. El\u00a0<\/span><strong class=\"ng-star-inserted\"><span class=\"ng-star-inserted\">Joier Capiton\u00e9<\/span><\/strong><span class=\"ng-star-inserted\">\u00a0enganya els sentits imitant la suavitat dels teixits cl\u00e0ssics encoixinats, per\u00f2 amb la frescor, el tacte fred i la solidesa de la resina ecol\u00f2gica. Una pe\u00e7a amb car\u00e0cter que decora per si sola.<\/span><\/p>\n<p class=\"ng-star-inserted\"><span class=\"ng-star-inserted\">Et sorprendr\u00e0 la seva pres\u00e8ncia: amb\u00a0<\/span><strong class=\"ng-star-inserted\"><span class=\"ng-star-inserted\">622 grams de pes<\/span><\/strong><span class=\"ng-star-inserted\">, \u00e9s un cofre robust i estable. Per\u00f2 el millor \u00e9s la seva\u00a0<\/span><strong class=\"ng-star-inserted\"><span class=\"ng-star-inserted\">versatilitat<\/span><\/strong><span class=\"ng-star-inserted\">. Gr\u00e0cies als seus 13 cm de di\u00e0metre, no \u00e9s nom\u00e9s el guardi\u00e0 de les teves joies m\u00e9s preuades; \u00e9s un contenidor tot terreny.<\/span><\/p>\n<p class=\"ng-star-inserted\"><strong class=\"ng-star-inserted\"><span class=\"ng-star-inserted\">Tu en decideixes l&#039;\u00fas:<\/span><\/strong><br class=\"ng-star-inserted\" \/><span class=\"ng-star-inserted\">Fes-lo servir per organitzar els teus colleters, guardar claus al rebedor o tresors secrets. Un tipus d&#039;estil? \u00c9s l&#039;amagatall perfecte per emmagatzemar els teus\u00a0<\/span><strong class=\"ng-star-inserted\"><span class=\"ng-star-inserted\">espelmes de te<\/span><\/strong><span class=\"ng-star-inserted\">, mantenint-les ordenades ia m\u00e0 a prop del teu cremador, per\u00f2 ocultes sota un disseny impecable.<\/span><\/p>","protected":false},"featured_media":439,"comment_status":"open","ping_status":"closed","template":"","meta":[],"product_brand":[],"product_cat":[31,41],"product_tag":[60],"class_list":{"0":"post-309","1":"product","2":"type-product","3":"status-publish","4":"has-post-thumbnail","6":"product_cat-decoracion","7":"product_cat-joyero","8":"product_tag-decoracion","10":"first","11":"instock","12":"shipping-taxable","13":"purchasable","14":"product-type-simple"},"_links":{"self":[{"href":"https:\/\/selfcarehomedecor.com\/ca\/wp-json\/wp\/v2\/product\/309","targetHints":{"allow":["GET"]}}],"collection":[{"href":"https:\/\/selfcarehomedecor.com\/ca\/wp-json\/wp\/v2\/product"}],"about":[{"href":"https:\/\/selfcarehomedecor.com\/ca\/wp-json\/wp\/v2\/types\/product"}],"replies":[{"embeddable":true,"href":"https:\/\/selfcarehomedecor.com\/ca\/wp-json\/wp\/v2\/comments?post=309"}],"wp:featuredmedia":[{"embeddable":true,"href":"https:\/\/selfcarehomedecor.com\/ca\/wp-json\/wp\/v2\/media\/439"}],"wp:attachment":[{"href":"https:\/\/selfcarehomedecor.com\/ca\/wp-json\/wp\/v2\/media?parent=309"}],"wp:term":[{"taxonomy":"product_brand","embeddable":true,"href":"https:\/\/selfcarehomedecor.com\/ca\/wp-json\/wp\/v2\/product_brand?post=309"},{"taxonomy":"product_cat","embeddable":true,"href":"https:\/\/selfcarehomedecor.com\/ca\/wp-json\/wp\/v2\/product_cat?post=309"},{"taxonomy":"product_tag","embeddable":true,"href":"https:\/\/selfcarehomedecor.com\/ca\/wp-json\/wp\/v2\/product_tag?post=309"}],"curies":[{"name":"wp","href":"https:\/\/api.w.org\/{rel}","templated":true}]}}

Joier Capitoné

<p class="ng-star-inserted"><strong class="ng-star-inserted"><span class="ng-star-inserted">Detalls del Producte:</span></strong></p>
<ul class="ng-star-inserted">
<li class="ng-star-inserted">
<p class="ng-star-inserted"><strong class="ng-star-inserted"><span class="ng-star-inserted">Disseny:</span></strong><span class="ng-star-inserted"> Textura efecte encoixinat (Capitoné).</span></p>
</li>
<li class="ng-star-inserted">
<p class="ng-star-inserted"><strong class="ng-star-inserted"><span class="ng-star-inserted">Mesures:</span></strong><span class="ng-star-inserted"> Ø 13 cm | Alçada: 5 cm.</span></p>
</li>
<li class="ng-star-inserted">
<p class="ng-star-inserted"><strong class="ng-star-inserted"><span class="ng-star-inserted">Pes:</span></strong><span class="ng-star-inserted"> 622 gr (Alta densitat i estabilitat).</span></p>
</li>
<li class="ng-star-inserted">
<p class="ng-star-inserted"><strong class="ng-star-inserted"><span class="ng-star-inserted">Material:</span></strong><span class="ng-star-inserted"> Resina ecològica artesanal.</span></p>
</li>
<li class="ng-star-inserted">
<p class="ng-star-inserted"><strong class="ng-star-inserted"><span class="ng-star-inserted">Cures:</span></strong><span class="ng-star-inserted"> Netejar amb un drap suau o plomall</span></p>
</li>
</ul>

<p class="ng-star-inserted"><strong class="ng-star-inserted"><span class="ng-star-inserted">Joier Capitoné: Luxe Texturitzat</span></strong></p>
<p class="ng-star-inserted"><span class="ng-star-inserted">Un joc visual fascinant. El </span><strong class="ng-star-inserted"><span class="ng-star-inserted">Joier Capitoné</span></strong><span class="ng-star-inserted"> enganya els sentits imitant la suavitat dels teixits clàssics encoixinats, però amb la frescor, el tacte fred i la solidesa de la resina ecològica. Una peça amb caràcter que decora per si sola.</span></p>
<p class="ng-star-inserted"><span class="ng-star-inserted">Et sorprendrà la seva presència: amb </span><strong class="ng-star-inserted"><span class="ng-star-inserted">622 grams de pes</span></strong><span class="ng-star-inserted">, és un cofre robust i estable. Però el millor és la seva </span><strong class="ng-star-inserted"><span class="ng-star-inserted">versatilitat</span></strong><span class="ng-star-inserted">. Gràcies als seus 13 cm de diàmetre, no és només el guardià de les teves joies més preuades; és un contenidor tot terreny.</span></p>
<p class="ng-star-inserted"><strong class="ng-star-inserted"><span class="ng-star-inserted">Tu en decideixes l&#039;ús:</span></strong><br class="ng-star-inserted" /><span class="ng-star-inserted">Fes-lo servir per organitzar els teus colleters, guardar claus al rebedor o tresors secrets. Un tipus d&#039;estil? És l&#039;amagatall perfecte per emmagatzemar els teus </span><strong class="ng-star-inserted"><span class="ng-star-inserted">espelmes de te</span></strong><span class="ng-star-inserted">, mantenint-les ordenades ia mà a prop del teu cremador, però ocultes sota un disseny impecable.</span></p>
