{"id":311,"date":"2025-07-01T03:41:14","date_gmt":"2025-07-01T01:41:14","guid":{"rendered":"https:\/\/selfcarehomedecor.com\/?post_type=product&#038;p=311"},"modified":"2026-01-05T21:06:50","modified_gmt":"2026-01-05T20:06:50","slug":"candelabro-simple","status":"publish","type":"product","link":"https:\/\/selfcarehomedecor.com\/ca\/producte\/candelabro-simple\/","title":{"rendered":"Base M\u00ednimal"},"content":{"rendered":"<blockquote class=\"ng-star-inserted\">\n<p class=\"ng-star-inserted\"><strong class=\"ng-star-inserted\"><span class=\"ng-star-inserted\">Detalls del Producte:<\/span><\/strong><\/p>\n<ul class=\"ng-star-inserted\">\n<li class=\"ng-star-inserted\">\n<p class=\"ng-star-inserted\"><strong class=\"ng-star-inserted\"><span class=\"ng-star-inserted\">Disseny:<\/span><\/strong><span class=\"ng-star-inserted\">\u00a0Base circular plana minimalista.<\/span><\/p>\n<\/li>\n<li class=\"ng-star-inserted\">\n<p class=\"ng-star-inserted\"><strong class=\"ng-star-inserted\"><span class=\"ng-star-inserted\">Mesures:<\/span><\/strong><span class=\"ng-star-inserted\">\u00a0\u00d8 8 cm | Al\u00e7ada: 1 cm.<\/span><\/p>\n<\/li>\n<li class=\"ng-star-inserted\">\n<p class=\"ng-star-inserted\"><strong class=\"ng-star-inserted\"><span class=\"ng-star-inserted\">Pes:<\/span><\/strong><span class=\"ng-star-inserted\">\u00a055 gr (lleuger i vers\u00e0til).<\/span><\/p>\n<\/li>\n<li class=\"ng-star-inserted\">\n<p class=\"ng-star-inserted\"><strong class=\"ng-star-inserted\"><span class=\"ng-star-inserted\">Material:<\/span><\/strong><span class=\"ng-star-inserted\">\u00a0Resina ecol\u00f2gica artesanal.<\/span><\/p>\n<\/li>\n<\/ul>\n<\/blockquote>\n<blockquote class=\"ng-star-inserted\">\n<p class=\"ng-star-inserted\"><strong class=\"ng-star-inserted\"><span class=\"ng-star-inserted\">\u00das i Cures:<\/span><\/strong><\/p>\n<ul class=\"ng-star-inserted\">\n<li class=\"ng-star-inserted\">\n<p class=\"ng-star-inserted\"><strong class=\"ng-star-inserted\"><span class=\"ng-star-inserted\">Versatilitat:<\/span><\/strong><span class=\"ng-star-inserted\">\u00a0Apte per espelmes i begudes (fredes o calentes).<\/span><\/p>\n<\/li>\n<li class=\"ng-star-inserted\">\n<p class=\"ng-star-inserted\"><strong class=\"ng-star-inserted\"><span class=\"ng-star-inserted\">Taques:<\/span><\/strong><span class=\"ng-star-inserted\">\u00a0La resina \u00e9s un material por\u00f3s. Si el fas servir com a posagots, neteja les gotes de caf\u00e8, te o vi\u00a0<\/span><strong class=\"ng-star-inserted\"><span class=\"ng-star-inserted\">al moment<\/span><\/strong><span class=\"ng-star-inserted\">\u00a0amb un drap humit per evitar marques permanents.<\/span><\/p>\n<\/li>\n<\/ul>\n<\/blockquote>","protected":false},"excerpt":{"rendered":"<p class=\"ng-star-inserted\"><strong class=\"ng-star-inserted\"><span class=\"ng-star-inserted\">Base M\u00ednimal: La Bellesa del Simple<\/span><\/strong><\/p>\n<p class=\"ng-star-inserted\"><span class=\"ng-star-inserted\">La versatilitat feta objecte. Amb els seus\u00a0<\/span><strong class=\"ng-star-inserted\"><span class=\"ng-star-inserted\">8 cm de di\u00e0metre<\/span><\/strong><span class=\"ng-star-inserted\">, aquesta pe\u00e7a \u00e9s el b\u00e0sic que no sabies que necessitaves fins que ho tens. El disseny pla i circular de perfil baix (nom\u00e9s 1 cm d&#039;al\u00e7ada) destaca per la lleugeresa i l&#039;est\u00e8tica sense pretensions.<\/span><\/p>\n<p class=\"ng-star-inserted\"><span class=\"ng-star-inserted\">\u00c9s el complement tot terreny ideal per a la teva llar:<\/span><\/p>\n<ul class=\"ng-star-inserted\">\n<li class=\"ng-star-inserted\">\n<p class=\"ng-star-inserted\"><strong class=\"ng-star-inserted\"><span class=\"ng-star-inserted\">Com Canelobre:<\/span><\/strong><span class=\"ng-star-inserted\">\u00a0La base perfecta per elevar visualment les nostres espelmes de pilar o gots, protegint els teus mobles de la calor i la cera amb total discreci\u00f3.<\/span><\/p>\n<\/li>\n<li class=\"ng-star-inserted\">\n<p class=\"ng-star-inserted\"><strong class=\"ng-star-inserted\"><span class=\"ng-star-inserted\">Com Posagots:<\/span><\/strong><span class=\"ng-star-inserted\">\u00a0Transforma&#039;l en un suport de disseny per reposar la teva tassa de te o caf\u00e8 favorita, afegint un toc de textura artesanal i estil n\u00f2rdic a la teva taula.<\/span><\/p>\n<\/li>\n<\/ul>","protected":false},"featured_media":428,"comment_status":"open","ping_status":"closed","template":"","meta":[],"product_brand":[],"product_cat":[31,41],"product_tag":[60],"class_list":{"0":"post-311","1":"product","2":"type-product","3":"status-publish","4":"has-post-thumbnail","6":"product_cat-decoracion","7":"product_cat-joyero","8":"product_tag-decoracion","10":"first","11":"instock","12":"shipping-taxable","13":"purchasable","14":"product-type-simple"},"_links":{"self":[{"href":"https:\/\/selfcarehomedecor.com\/ca\/wp-json\/wp\/v2\/product\/311","targetHints":{"allow":["GET"]}}],"collection":[{"href":"https:\/\/selfcarehomedecor.com\/ca\/wp-json\/wp\/v2\/product"}],"about":[{"href":"https:\/\/selfcarehomedecor.com\/ca\/wp-json\/wp\/v2\/types\/product"}],"replies":[{"embeddable":true,"href":"https:\/\/selfcarehomedecor.com\/ca\/wp-json\/wp\/v2\/comments?post=311"}],"wp:featuredmedia":[{"embeddable":true,"href":"https:\/\/selfcarehomedecor.com\/ca\/wp-json\/wp\/v2\/media\/428"}],"wp:attachment":[{"href":"https:\/\/selfcarehomedecor.com\/ca\/wp-json\/wp\/v2\/media?parent=311"}],"wp:term":[{"taxonomy":"product_brand","embeddable":true,"href":"https:\/\/selfcarehomedecor.com\/ca\/wp-json\/wp\/v2\/product_brand?post=311"},{"taxonomy":"product_cat","embeddable":true,"href":"https:\/\/selfcarehomedecor.com\/ca\/wp-json\/wp\/v2\/product_cat?post=311"},{"taxonomy":"product_tag","embeddable":true,"href":"https:\/\/selfcarehomedecor.com\/ca\/wp-json\/wp\/v2\/product_tag?post=311"}],"curies":[{"name":"wp","href":"https:\/\/api.w.org\/{rel}","templated":true}]}}

Base Mínimal

<blockquote class="ng-star-inserted">
<p class="ng-star-inserted"><strong class="ng-star-inserted"><span class="ng-star-inserted">Detalls del Producte:</span></strong></p>
<ul class="ng-star-inserted">
<li class="ng-star-inserted">
<p class="ng-star-inserted"><strong class="ng-star-inserted"><span class="ng-star-inserted">Disseny:</span></strong><span class="ng-star-inserted"> Base circular plana minimalista.</span></p>
</li>
<li class="ng-star-inserted">
<p class="ng-star-inserted"><strong class="ng-star-inserted"><span class="ng-star-inserted">Mesures:</span></strong><span class="ng-star-inserted"> Ø 8 cm | Alçada: 1 cm.</span></p>
</li>
<li class="ng-star-inserted">
<p class="ng-star-inserted"><strong class="ng-star-inserted"><span class="ng-star-inserted">Pes:</span></strong><span class="ng-star-inserted"> 55 gr (lleuger i versàtil).</span></p>
</li>
<li class="ng-star-inserted">
<p class="ng-star-inserted"><strong class="ng-star-inserted"><span class="ng-star-inserted">Material:</span></strong><span class="ng-star-inserted"> Resina ecològica artesanal.</span></p>
</li>
</ul>
</blockquote>
<blockquote class="ng-star-inserted">
<p class="ng-star-inserted"><strong class="ng-star-inserted"><span class="ng-star-inserted">Ús i Cures:</span></strong></p>
<ul class="ng-star-inserted">
<li class="ng-star-inserted">
<p class="ng-star-inserted"><strong class="ng-star-inserted"><span class="ng-star-inserted">Versatilitat:</span></strong><span class="ng-star-inserted"> Apte per espelmes i begudes (fredes o calentes).</span></p>
</li>
<li class="ng-star-inserted">
<p class="ng-star-inserted"><strong class="ng-star-inserted"><span class="ng-star-inserted">Taques:</span></strong><span class="ng-star-inserted"> La resina és un material porós. Si el fas servir com a posagots, neteja les gotes de cafè, te o vi </span><strong class="ng-star-inserted"><span class="ng-star-inserted">al moment</span></strong><span class="ng-star-inserted"> amb un drap humit per evitar marques permanents.</span></p>
</li>
</ul>
</blockquote>

<p class="ng-star-inserted"><strong class="ng-star-inserted"><span class="ng-star-inserted">Base Mínimal: La Bellesa del Simple</span></strong></p>
<p class="ng-star-inserted"><span class="ng-star-inserted">La versatilitat feta objecte. Amb els seus </span><strong class="ng-star-inserted"><span class="ng-star-inserted">8 cm de diàmetre</span></strong><span class="ng-star-inserted">, aquesta peça és el bàsic que no sabies que necessitaves fins que ho tens. El disseny pla i circular de perfil baix (només 1 cm d&#039;alçada) destaca per la lleugeresa i l&#039;estètica sense pretensions.</span></p>
<p class="ng-star-inserted"><span class="ng-star-inserted">És el complement tot terreny ideal per a la teva llar:</span></p>
<ul class="ng-star-inserted">
<li class="ng-star-inserted">
<p class="ng-star-inserted"><strong class="ng-star-inserted"><span class="ng-star-inserted">Com Canelobre:</span></strong><span class="ng-star-inserted"> La base perfecta per elevar visualment les nostres espelmes de pilar o gots, protegint els teus mobles de la calor i la cera amb total discreció.</span></p>
</li>
<li class="ng-star-inserted">
<p class="ng-star-inserted"><strong class="ng-star-inserted"><span class="ng-star-inserted">Com Posagots:</span></strong><span class="ng-star-inserted"> Transforma&#039;l en un suport de disseny per reposar la teva tassa de te o cafè favorita, afegint un toc de textura artesanal i estil nòrdic a la teva taula.</span></p>
</li>
</ul>
