{"id":314,"date":"2025-07-01T03:44:09","date_gmt":"2025-07-01T01:44:09","guid":{"rendered":"https:\/\/selfcarehomedecor.com\/?post_type=product&#038;p=314"},"modified":"2026-01-07T17:17:23","modified_gmt":"2026-01-07T16:17:23","slug":"perla","status":"publish","type":"product","link":"https:\/\/selfcarehomedecor.com\/ca\/producte\/perla\/","title":{"rendered":"Perla"},"content":{"rendered":"<p class=\"ng-star-inserted\"><strong class=\"ng-star-inserted\"><span class=\"ng-star-inserted\">Detalls del Producte:<\/span><\/strong><\/p>\n<ul class=\"ng-star-inserted\">\n<li class=\"ng-star-inserted\">\n<p class=\"ng-star-inserted\"><strong class=\"ng-star-inserted\"><span class=\"ng-star-inserted\">Mesures:<\/span><\/strong><span class=\"ng-star-inserted\">\u00a0\u00d8 6 cm | Al\u00e7ada: 7 cm.<\/span><\/p>\n<\/li>\n<li class=\"ng-star-inserted\">\n<p class=\"ng-star-inserted\"><strong class=\"ng-star-inserted\"><span class=\"ng-star-inserted\">Pes:<\/span><\/strong><span class=\"ng-star-inserted\">\u00a0182 gr.<\/span><\/p>\n<\/li>\n<li class=\"ng-star-inserted\">\n<p class=\"ng-star-inserted\"><strong class=\"ng-star-inserted\"><span class=\"ng-star-inserted\">Material:<\/span><\/strong><span class=\"ng-star-inserted\">\u00a0Cera 100% soja i metxa de cot\u00f3 natural.<\/span><\/p>\n<\/li>\n<\/ul>\n<p class=\"ng-star-inserted\"><strong class=\"ng-star-inserted\"><span class=\"ng-star-inserted\">Nota sobre l&#039;encesa:<\/span><\/strong><br class=\"ng-star-inserted\" \/><span class=\"ng-star-inserted\">A causa de la seva estructura d&#039;esferes unides, aquesta espelma pot crear camins de cera \u00fanics en fondre&#039;s. Recomanem encaridament fer-la servir sobre una de les nostres\u00a0<\/span><strong class=\"ng-star-inserted\"><span class=\"ng-star-inserted\">safates<\/span><\/strong><span class=\"ng-star-inserted\">\u00a0o un plat resistent a la calor per recollir la cera i protegir els teus mobles.<\/span><\/p>","protected":false},"excerpt":{"rendered":"<p class=\"ng-star-inserted\"><strong class=\"ng-star-inserted\"><span class=\"ng-star-inserted\">Perla: Una Joia de Cera<\/span><\/strong><\/p>\n<p class=\"ng-star-inserted\"><span class=\"ng-star-inserted\">Delicadesa en estat pur. La vela\u00a0<\/span><strong class=\"ng-star-inserted\"><span class=\"ng-star-inserted\">Perla<\/span><\/strong><span class=\"ng-star-inserted\"> fa honor al seu nom amb una forma de pilar compost per multitud de petites perles de cera unides entre si. \u00c9s una pe\u00e7a rica en textura que juga amb la llum de forma \u00fanica, creant un efecte visual de sofisticaci\u00f3 i detall.<\/span><\/p>\n<p class=\"ng-star-inserted\"><span class=\"ng-star-inserted\">Com una joia, aquesta espelma est\u00e0 feta per destacar per la seva bellesa intr\u00ednseca. \u00c9s perfecta per aportar un aire rom\u00e0ntic i femen\u00ed al teu tocador, o per crear contrastos interessants al costat de les nostres espelmes d&#039;acabats llisos. Petita, coqueta i plena d\u00b4encant.<\/span><\/p>\n<p><strong class=\"ng-star-inserted\"><span class=\"ng-star-inserted\">Joc de Textures:<\/span><\/strong><br class=\"ng-star-inserted\" \/><span class=\"ng-star-inserted\">Crea una composici\u00f3 rica en matisos combinant la\u00a0<\/span><strong class=\"ng-star-inserted\"><span class=\"ng-star-inserted\">Perla<\/span><\/strong><span class=\"ng-star-inserted\">\u00a0amb la vela\u00a0<\/span><strong class=\"ng-star-inserted\"><span class=\"ng-star-inserted\">Bubbles S<\/span><\/strong><span class=\"ng-star-inserted\">. Totes dues juguen amb la repetici\u00f3 de formes esf\u00e8riques per\u00f2 amb siluetes diferents, aconseguint un conjunt harmoni\u00f3s i molt decoratiu.<\/span><\/p>","protected":false},"featured_media":435,"comment_status":"open","ping_status":"closed","template":"","meta":[],"product_brand":[],"product_cat":[33,44],"product_tag":[64,65],"class_list":{"0":"post-314","1":"product","2":"type-product","3":"status-publish","4":"has-post-thumbnail","6":"product_cat-vela","7":"product_cat-vela-decorativa","8":"product_tag-vela","9":"product_tag-vela-decorativa","11":"first","12":"instock","13":"shipping-taxable","14":"purchasable","15":"product-type-simple"},"_links":{"self":[{"href":"https:\/\/selfcarehomedecor.com\/ca\/wp-json\/wp\/v2\/product\/314","targetHints":{"allow":["GET"]}}],"collection":[{"href":"https:\/\/selfcarehomedecor.com\/ca\/wp-json\/wp\/v2\/product"}],"about":[{"href":"https:\/\/selfcarehomedecor.com\/ca\/wp-json\/wp\/v2\/types\/product"}],"replies":[{"embeddable":true,"href":"https:\/\/selfcarehomedecor.com\/ca\/wp-json\/wp\/v2\/comments?post=314"}],"wp:featuredmedia":[{"embeddable":true,"href":"https:\/\/selfcarehomedecor.com\/ca\/wp-json\/wp\/v2\/media\/435"}],"wp:attachment":[{"href":"https:\/\/selfcarehomedecor.com\/ca\/wp-json\/wp\/v2\/media?parent=314"}],"wp:term":[{"taxonomy":"product_brand","embeddable":true,"href":"https:\/\/selfcarehomedecor.com\/ca\/wp-json\/wp\/v2\/product_brand?post=314"},{"taxonomy":"product_cat","embeddable":true,"href":"https:\/\/selfcarehomedecor.com\/ca\/wp-json\/wp\/v2\/product_cat?post=314"},{"taxonomy":"product_tag","embeddable":true,"href":"https:\/\/selfcarehomedecor.com\/ca\/wp-json\/wp\/v2\/product_tag?post=314"}],"curies":[{"name":"wp","href":"https:\/\/api.w.org\/{rel}","templated":true}]}}

<p class="ng-star-inserted"><strong class="ng-star-inserted"><span class="ng-star-inserted">Detalls del Producte:</span></strong></p>
<ul class="ng-star-inserted">
<li class="ng-star-inserted">
<p class="ng-star-inserted"><strong class="ng-star-inserted"><span class="ng-star-inserted">Mesures:</span></strong><span class="ng-star-inserted"> Ø 6 cm | Alçada: 7 cm.</span></p>
</li>
<li class="ng-star-inserted">
<p class="ng-star-inserted"><strong class="ng-star-inserted"><span class="ng-star-inserted">Pes:</span></strong><span class="ng-star-inserted"> 182 gr.</span></p>
</li>
<li class="ng-star-inserted">
<p class="ng-star-inserted"><strong class="ng-star-inserted"><span class="ng-star-inserted">Material:</span></strong><span class="ng-star-inserted"> Cera 100% soja i metxa de cotó natural.</span></p>
</li>
</ul>
<p class="ng-star-inserted"><strong class="ng-star-inserted"><span class="ng-star-inserted">Nota sobre l&#039;encesa:</span></strong><br class="ng-star-inserted" /><span class="ng-star-inserted">A causa de la seva estructura d&#039;esferes unides, aquesta espelma pot crear camins de cera únics en fondre&#039;s. Recomanem encaridament fer-la servir sobre una de les nostres </span><strong class="ng-star-inserted"><span class="ng-star-inserted">safates</span></strong><span class="ng-star-inserted"> o un plat resistent a la calor per recollir la cera i protegir els teus mobles.</span></p>

<p class="ng-star-inserted"><strong class="ng-star-inserted"><span class="ng-star-inserted">Perla: Una Joia de Cera</span></strong></p>
<p class="ng-star-inserted"><span class="ng-star-inserted">Delicadesa en estat pur. La vela </span><strong class="ng-star-inserted"><span class="ng-star-inserted">Perla</span></strong><span class="ng-star-inserted"> fa honor al seu nom amb una forma de pilar compost per multitud de petites perles de cera unides entre si. És una peça rica en textura que juga amb la llum de forma única, creant un efecte visual de sofisticació i detall.</span></p>
<p class="ng-star-inserted"><span class="ng-star-inserted">Com una joia, aquesta espelma està feta per destacar per la seva bellesa intrínseca. És perfecta per aportar un aire romàntic i femení al teu tocador, o per crear contrastos interessants al costat de les nostres espelmes d&#039;acabats llisos. Petita, coqueta i plena d´encant.</span></p>
<p><strong class="ng-star-inserted"><span class="ng-star-inserted">Joc de Textures:</span></strong><br class="ng-star-inserted" /><span class="ng-star-inserted">Crea una composició rica en matisos combinant la </span><strong class="ng-star-inserted"><span class="ng-star-inserted">Perla</span></strong><span class="ng-star-inserted"> amb la vela </span><strong class="ng-star-inserted"><span class="ng-star-inserted">Bubbles S</span></strong><span class="ng-star-inserted">. Totes dues juguen amb la repetició de formes esfèriques però amb siluetes diferents, aconseguint un conjunt harmoniós i molt decoratiu.</span></p>
