{"id":319,"date":"2025-07-01T03:47:11","date_gmt":"2025-07-01T01:47:11","guid":{"rendered":"https:\/\/selfcarehomedecor.com\/?post_type=product&#038;p=319"},"modified":"2026-01-07T17:01:45","modified_gmt":"2026-01-07T16:01:45","slug":"ramo-de-rosas","status":"publish","type":"product","link":"https:\/\/selfcarehomedecor.com\/ca\/producte\/ramo-de-rosas\/","title":{"rendered":"Ram de roses"},"content":{"rendered":"<p class=\"ng-star-inserted\"><strong class=\"ng-star-inserted\"><span class=\"ng-star-inserted\">Detalls del Producte:<\/span><\/strong><\/p>\n<ul class=\"ng-star-inserted\">\n<li class=\"ng-star-inserted\">\n<p class=\"ng-star-inserted\"><strong class=\"ng-star-inserted\"><span class=\"ng-star-inserted\">Mesures:<\/span><\/strong><span class=\"ng-star-inserted\">\u00a0\u00d8 8,5 cm | Al\u00e7ada: 7,5 cm.<\/span><\/p>\n<\/li>\n<li class=\"ng-star-inserted\">\n<p class=\"ng-star-inserted\"><strong class=\"ng-star-inserted\"><span class=\"ng-star-inserted\">Pes:<\/span><\/strong><span class=\"ng-star-inserted\">\u00a0257 gr.<\/span><\/p>\n<\/li>\n<li class=\"ng-star-inserted\">\n<p class=\"ng-star-inserted\"><strong class=\"ng-star-inserted\"><span class=\"ng-star-inserted\">Material:<\/span><\/strong><span class=\"ng-star-inserted\">\u00a0Cera 100% soja i metxa de cot\u00f3.<\/span><\/p>\n<\/li>\n<\/ul>\n<p class=\"ng-star-inserted\"><strong class=\"ng-star-inserted\"><span class=\"ng-star-inserted\">Consell d&#039;\u00das:<\/span><\/strong><br class=\"ng-star-inserted\" \/><span class=\"ng-star-inserted\">Recorda col\u00b7locar-la sempre sobre un plat o safata resistent a la calor per recollir la cera en fondre&#039;s.<\/span><\/p>","protected":false},"excerpt":{"rendered":"<p class=\"ng-star-inserted\"><strong class=\"ng-star-inserted\"><span class=\"ng-star-inserted\">Ram de Roses: Eleg\u00e0ncia Floral Eterna<\/span><\/strong><\/p>\n<p class=\"ng-star-inserted\"><span class=\"ng-star-inserted\">La bellesa d&#039;un jard\u00ed florit, capturada en una esfera perfecta. Aquesta espelma \u00e9s una veritable obra d&#039;artesania: una bola recoberta de minuciosos capolls de rosa en relleu, creant una textura rica i delicada que enamora el tacte i la vista.<\/span><\/p>\n<p class=\"ng-star-inserted\"><span class=\"ng-star-inserted\">\u00c9s el \u00abRam de Roses\u00bb que mai no es marceix. El detall perfecte per afegir un aire rom\u00e0ntic al teu tocador, per fer servir com a centre de taula en un sopar especial o per fer un regal ple de simbolisme i dol\u00e7or.<\/span><\/p>\n<p>&nbsp;<\/p>\n<p><strong class=\"ng-star-inserted\"><span class=\"ng-star-inserted\">Tipus d&#039;expert:<\/span><\/strong><br class=\"ng-star-inserted\" \/><span class=\"ng-star-inserted\">Aquesta espelma \u00e9s tan bonica que fa pena encendre-la, per\u00f2 si decideixes fer-ho, veur\u00e0s com la flama il\u00b7lumina els p\u00e8tals des de dins creant un efecte m\u00e0gic.<\/span><\/p>","protected":false},"featured_media":433,"comment_status":"open","ping_status":"closed","template":"","meta":[],"product_brand":[],"product_cat":[33,44],"product_tag":[64,65],"class_list":{"0":"post-319","1":"product","2":"type-product","3":"status-publish","4":"has-post-thumbnail","6":"product_cat-vela","7":"product_cat-vela-decorativa","8":"product_tag-vela","9":"product_tag-vela-decorativa","11":"first","12":"instock","13":"shipping-taxable","14":"purchasable","15":"product-type-simple"},"_links":{"self":[{"href":"https:\/\/selfcarehomedecor.com\/ca\/wp-json\/wp\/v2\/product\/319","targetHints":{"allow":["GET"]}}],"collection":[{"href":"https:\/\/selfcarehomedecor.com\/ca\/wp-json\/wp\/v2\/product"}],"about":[{"href":"https:\/\/selfcarehomedecor.com\/ca\/wp-json\/wp\/v2\/types\/product"}],"replies":[{"embeddable":true,"href":"https:\/\/selfcarehomedecor.com\/ca\/wp-json\/wp\/v2\/comments?post=319"}],"wp:featuredmedia":[{"embeddable":true,"href":"https:\/\/selfcarehomedecor.com\/ca\/wp-json\/wp\/v2\/media\/433"}],"wp:attachment":[{"href":"https:\/\/selfcarehomedecor.com\/ca\/wp-json\/wp\/v2\/media?parent=319"}],"wp:term":[{"taxonomy":"product_brand","embeddable":true,"href":"https:\/\/selfcarehomedecor.com\/ca\/wp-json\/wp\/v2\/product_brand?post=319"},{"taxonomy":"product_cat","embeddable":true,"href":"https:\/\/selfcarehomedecor.com\/ca\/wp-json\/wp\/v2\/product_cat?post=319"},{"taxonomy":"product_tag","embeddable":true,"href":"https:\/\/selfcarehomedecor.com\/ca\/wp-json\/wp\/v2\/product_tag?post=319"}],"curies":[{"name":"wp","href":"https:\/\/api.w.org\/{rel}","templated":true}]}}

<p class="ng-star-inserted"><strong class="ng-star-inserted"><span class="ng-star-inserted">Detalls del Producte:</span></strong></p>
<ul class="ng-star-inserted">
<li class="ng-star-inserted">
<p class="ng-star-inserted"><strong class="ng-star-inserted"><span class="ng-star-inserted">Mesures:</span></strong><span class="ng-star-inserted"> Ø 8,5 cm | Alçada: 7,5 cm.</span></p>
</li>
<li class="ng-star-inserted">
<p class="ng-star-inserted"><strong class="ng-star-inserted"><span class="ng-star-inserted">Pes:</span></strong><span class="ng-star-inserted"> 257 gr.</span></p>
</li>
<li class="ng-star-inserted">
<p class="ng-star-inserted"><strong class="ng-star-inserted"><span class="ng-star-inserted">Material:</span></strong><span class="ng-star-inserted"> Cera 100% soja i metxa de cotó.</span></p>
</li>
</ul>
<p class="ng-star-inserted"><strong class="ng-star-inserted"><span class="ng-star-inserted">Consell d&#039;Ús:</span></strong><br class="ng-star-inserted" /><span class="ng-star-inserted">Recorda col·locar-la sempre sobre un plat o safata resistent a la calor per recollir la cera en fondre&#039;s.</span></p>

<p class="ng-star-inserted"><strong class="ng-star-inserted"><span class="ng-star-inserted">Ram de Roses: Elegància Floral Eterna</span></strong></p>
<p class="ng-star-inserted"><span class="ng-star-inserted">La bellesa d&#039;un jardí florit, capturada en una esfera perfecta. Aquesta espelma és una veritable obra d&#039;artesania: una bola recoberta de minuciosos capolls de rosa en relleu, creant una textura rica i delicada que enamora el tacte i la vista.</span></p>
<p class="ng-star-inserted"><span class="ng-star-inserted">És el «Ram de Roses» que mai no es marceix. El detall perfecte per afegir un aire romàntic al teu tocador, per fer servir com a centre de taula en un sopar especial o per fer un regal ple de simbolisme i dolçor.</span></p>
<p>&nbsp;</p>
<p><strong class="ng-star-inserted"><span class="ng-star-inserted">Tipus d&#039;expert:</span></strong><br class="ng-star-inserted" /><span class="ng-star-inserted">Aquesta espelma és tan bonica que fa pena encendre-la, però si decideixes fer-ho, veuràs com la flama il·lumina els pètals des de dins creant un efecte màgic.</span></p>
