{"id":321,"date":"2025-07-01T03:48:54","date_gmt":"2025-07-01T01:48:54","guid":{"rendered":"https:\/\/selfcarehomedecor.com\/?post_type=product&#038;p=321"},"modified":"2026-01-07T16:58:22","modified_gmt":"2026-01-07T15:58:22","slug":"bubbles-s","status":"publish","type":"product","link":"https:\/\/selfcarehomedecor.com\/ca\/producte\/bubbles-s\/","title":{"rendered":"Bubbles S"},"content":{"rendered":"<p class=\"ng-star-inserted\"><strong class=\"ng-star-inserted\"><span class=\"ng-star-inserted\">Detalls del Producte:<\/span><\/strong><\/p>\n<ul class=\"ng-star-inserted\">\n<li class=\"ng-star-inserted\">\n<p class=\"ng-star-inserted\"><strong class=\"ng-star-inserted\"><span class=\"ng-star-inserted\">Mesures:<\/span><\/strong><span class=\"ng-star-inserted\">\u00a04 cm x 4 cm | Alt: 3,5 cm.<\/span><\/p>\n<\/li>\n<li class=\"ng-star-inserted\">\n<p class=\"ng-star-inserted\"><strong class=\"ng-star-inserted\"><span class=\"ng-star-inserted\">Pes:<\/span><\/strong><span class=\"ng-star-inserted\">\u00a039 gr (Format mini).<\/span><\/p>\n<\/li>\n<li class=\"ng-star-inserted\">\n<p class=\"ng-star-inserted\"><strong class=\"ng-star-inserted\"><span class=\"ng-star-inserted\">Material:<\/span><\/strong><span class=\"ng-star-inserted\">\u00a0Cera 100% soja i metxa de cot\u00f3 natural.<\/span><\/p>\n<\/li>\n<\/ul>\n<p class=\"ng-star-inserted\"><strong class=\"ng-star-inserted\"><span class=\"ng-star-inserted\">Consell d&#039;\u00das:<\/span><\/strong><br class=\"ng-star-inserted\" \/><span class=\"ng-star-inserted\">Recorda fer servir sempre un plat o base resistent a la calor per recollir la cera en fondre&#039;s i protegir les teves superf\u00edcies.<\/span><\/p>","protected":false},"excerpt":{"rendered":"<p class=\"ng-star-inserted\"><strong class=\"ng-star-inserted\"><span class=\"ng-star-inserted\">Bubbles S: Un Caprici Geom\u00e8tric<\/span><\/strong><\/p>\n<p class=\"ng-star-inserted\"><span class=\"ng-star-inserted\">Afegeix un toc de fantasia al teu espai.\u00a0<\/span><strong class=\"ng-star-inserted\"><span class=\"ng-star-inserted\">Bubbles S<\/span><\/strong><span class=\"ng-star-inserted\">\u00a0\u00e9s una espelma que juga amb les formes: la suavitat de les esferes continguda a l&#039;estructura d&#039;un cub. \u00c9s una pe\u00e7a alegre, coqueta i plena de personalitat.<\/span><\/p>\n<p class=\"ng-star-inserted\"><span class=\"ng-star-inserted\">Gr\u00e0cies a la seva mida \u00abS\u00bb, \u00e9s la companya ideal per crear composicions. Fes-la servir per acompanyar altres espelmes m\u00e9s altes o col\u00b7loca-la sola per donar un punt de llum original. Un petit cub de felicitat visual.<\/span><\/p>\n<p><strong class=\"ng-star-inserted\"><span class=\"ng-star-inserted\">Idea Decorativa:<\/span><\/strong><br class=\"ng-star-inserted\" \/><span class=\"ng-star-inserted\">Les bombolles estimen la companyia! Aquesta espelma llueix espectacular en parella o combinada amb la nostra espelma Corda per jugar amb diferents textures modernes en una mateixa safata.<\/span><\/p>","protected":false},"featured_media":421,"comment_status":"open","ping_status":"closed","template":"","meta":[],"product_brand":[],"product_cat":[33,44],"product_tag":[64,65],"class_list":{"0":"post-321","1":"product","2":"type-product","3":"status-publish","4":"has-post-thumbnail","6":"product_cat-vela","7":"product_cat-vela-decorativa","8":"product_tag-vela","9":"product_tag-vela-decorativa","11":"first","12":"instock","13":"shipping-taxable","14":"purchasable","15":"product-type-simple"},"_links":{"self":[{"href":"https:\/\/selfcarehomedecor.com\/ca\/wp-json\/wp\/v2\/product\/321","targetHints":{"allow":["GET"]}}],"collection":[{"href":"https:\/\/selfcarehomedecor.com\/ca\/wp-json\/wp\/v2\/product"}],"about":[{"href":"https:\/\/selfcarehomedecor.com\/ca\/wp-json\/wp\/v2\/types\/product"}],"replies":[{"embeddable":true,"href":"https:\/\/selfcarehomedecor.com\/ca\/wp-json\/wp\/v2\/comments?post=321"}],"wp:featuredmedia":[{"embeddable":true,"href":"https:\/\/selfcarehomedecor.com\/ca\/wp-json\/wp\/v2\/media\/421"}],"wp:attachment":[{"href":"https:\/\/selfcarehomedecor.com\/ca\/wp-json\/wp\/v2\/media?parent=321"}],"wp:term":[{"taxonomy":"product_brand","embeddable":true,"href":"https:\/\/selfcarehomedecor.com\/ca\/wp-json\/wp\/v2\/product_brand?post=321"},{"taxonomy":"product_cat","embeddable":true,"href":"https:\/\/selfcarehomedecor.com\/ca\/wp-json\/wp\/v2\/product_cat?post=321"},{"taxonomy":"product_tag","embeddable":true,"href":"https:\/\/selfcarehomedecor.com\/ca\/wp-json\/wp\/v2\/product_tag?post=321"}],"curies":[{"name":"wp","href":"https:\/\/api.w.org\/{rel}","templated":true}]}}

<p class="ng-star-inserted"><strong class="ng-star-inserted"><span class="ng-star-inserted">Detalls del Producte:</span></strong></p>
<ul class="ng-star-inserted">
<li class="ng-star-inserted">
<p class="ng-star-inserted"><strong class="ng-star-inserted"><span class="ng-star-inserted">Mesures:</span></strong><span class="ng-star-inserted"> 4 cm x 4 cm | Alt: 3,5 cm.</span></p>
</li>
<li class="ng-star-inserted">
<p class="ng-star-inserted"><strong class="ng-star-inserted"><span class="ng-star-inserted">Pes:</span></strong><span class="ng-star-inserted"> 39 gr (Format mini).</span></p>
</li>
<li class="ng-star-inserted">
<p class="ng-star-inserted"><strong class="ng-star-inserted"><span class="ng-star-inserted">Material:</span></strong><span class="ng-star-inserted"> Cera 100% soja i metxa de cotó natural.</span></p>
</li>
</ul>
<p class="ng-star-inserted"><strong class="ng-star-inserted"><span class="ng-star-inserted">Consell d&#039;Ús:</span></strong><br class="ng-star-inserted" /><span class="ng-star-inserted">Recorda fer servir sempre un plat o base resistent a la calor per recollir la cera en fondre&#039;s i protegir les teves superfícies.</span></p>

<p class="ng-star-inserted"><strong class="ng-star-inserted"><span class="ng-star-inserted">Bubbles S: Un Caprici Geomètric</span></strong></p>
<p class="ng-star-inserted"><span class="ng-star-inserted">Afegeix un toc de fantasia al teu espai. </span><strong class="ng-star-inserted"><span class="ng-star-inserted">Bubbles S</span></strong><span class="ng-star-inserted"> és una espelma que juga amb les formes: la suavitat de les esferes continguda a l&#039;estructura d&#039;un cub. És una peça alegre, coqueta i plena de personalitat.</span></p>
<p class="ng-star-inserted"><span class="ng-star-inserted">Gràcies a la seva mida «S», és la companya ideal per crear composicions. Fes-la servir per acompanyar altres espelmes més altes o col·loca-la sola per donar un punt de llum original. Un petit cub de felicitat visual.</span></p>
<p><strong class="ng-star-inserted"><span class="ng-star-inserted">Idea Decorativa:</span></strong><br class="ng-star-inserted" /><span class="ng-star-inserted">Les bombolles estimen la companyia! Aquesta espelma llueix espectacular en parella o combinada amb la nostra espelma Corda per jugar amb diferents textures modernes en una mateixa safata.</span></p>
